000
CXUS53 KAPX 210631
CF6GLR
PRELIMINARY LOCAL CLIMATOLOGICAL DATA (WS FORM: F-6)

                                          STATION:   GAYLORD
                                          MONTH:     MAY
                                          YEAR:      2018
                                          LATITUDE:   45  0 N
                                          LONGITUDE:  84 42 W

  TEMPERATURE IN F:       :PCPN:    SNOW:  WIND      :SUNSHINE: SKY     :PK WND
================================================================================
1   2   3   4   5  6A  6B    7    8   9   10  11  12  13   14  15   16   17  18
                                     12Z  AVG MX 2MIN
DY MAX MIN AVG DEP HDD CDD  WTR  SNW DPTH SPD SPD DIR MIN PSBL S-S WX    SPD DR
================================================================================

 1  79  54  67  19   0   2 0.00    M    M 15.2 33 230   M    M   2        45 260
 2  69  50  60  12   5   0 0.15  0.0    M  8.3 22 250   M    M   8 13     29 240
 3  66  42  54   5  11   0 0.04    M    M  3.4 10  40   M    M   6 12     15  40
 4  57  39  48  -1  17   0 1.13    M    M  8.8 18 260   M    M   7 1      26 280
 5  69  43  56   7   9   0 0.00    M    M  5.4 14 310   M    M   1 18     21 340
 6  62  45  54   4  11   0    T    M    M  5.7 14  50   M    M   5        19  60
 7  69  30  50   0  15   0 0.00    M    M  2.3 13 190   M    M   0        16 180
 8  81  52  67  17   0   2 0.00    M    M  7.1 12 250   M    M   0        18 200
 9  74  52  63  12   2   0 0.48    M    M  9.7 22 190   M    M   5 18     32 180
10  56  35  46  -5  19   0 0.03    M    M  9.2 21 250   M    M   4 1      27 290
11  50  31  41 -10  24   0 0.00    M    M  5.5 13 140   M    M   0        17 130
12  62  33  48  -4  17   0 0.00    M    M  4.6 13  50   M    M   0        17  40
13  71  35  53   1  12   0 0.00    M    M  3.4 12 300   M    M   0        16 290
14  76  46  61   9   4   0    T    M    M  5.0 14 270   M    M   3        18 260
15  68  47  58   6   7   0 0.04    M    M  5.7 14  50   M    M   4 1      19  50
16  78  46  62   9   3   0 0.00    M    M  7.8 18 250   M    M   0        28 250
17  65  48  57   4   8   0 0.00    M    M  7.3 14  50   M    M   0 8      20  40
18  71  45  58   4   7   0 0.00    M    M  8.2 20 140   M    M   0        30 140
19  56  44  50  -4  15   0 0.33    M    M  5.8 12 270   M    M   9 12     18 270
20  65  40  53  -1  12   0 0.00    M    M  4.3 12 280   M    M   4 8      18 300
================================================================================
SM 1344  857       198   4  2.20     0.0 132.7          M       58
================================================================================
AV 67.2 42.9                               6.6 FASTST   M    M   3    MAX(MPH)
                                 MISC ---->  # 33 230               # 45  260
================================================================================
NOTES:
# LAST OF SEVERAL OCCURRENCES

COLUMN 17 PEAK WIND IN M.P.H.

PRELIMINARY LOCAL CLIMATOLOGICAL DATA (WS FORM: F-6) , PAGE 2

                                          STATION:  GAYLORD
                                          MONTH:    MAY
                                          YEAR:     2018
                                          LATITUDE:   45  0 N
                                          LONGITUDE:  84 42 W

[TEMPERATURE DATA]      [PRECIPITATION DATA]       SYMBOLS USED IN COLUMN 16

AVERAGE MONTHLY: 55.0   TOTAL FOR MONTH:   2.20    1 = FOG OR MIST
DPTR FM NORMAL:   3.9   DPTR FM NORMAL:    0.34    2 = FOG REDUCING VISIBILITY
HIGHEST:    81 ON  8    GRTST 24HR  1.13 ON  4- 4      TO 1/4 MILE OR LESS
LOWEST:     30 ON  7                               3 = THUNDER
                        SNOW, ICE PELLETS, HAIL    4 = ICE PELLETS
                        TOTAL MONTH:   0.0 INCH    5 = HAIL
                        GRTST 24HR     0.0         6 = FREEZING RAIN OR DRIZZLE
                        GRTST DEPTH:  M  ON   M    7 = DUSTSTORM OR SANDSTORM:
                                                       VSBY 1/2 MILE OR LESS
                                                   8 = SMOKE OR HAZE
[NO. OF DAYS WITH]      [WEATHER - DAYS WITH]      9 = BLOWING SNOW
                                                   X = TORNADO
MAX 32 OR BELOW:   0    0.01 INCH OR MORE:   7
MAX 90 OR ABOVE:   0    0.10 INCH OR MORE:   4
MIN 32 OR BELOW:   2    0.50 INCH OR MORE:   1
MIN  0 OR BELOW:   0    1.00 INCH OR MORE:   1

[HDD (BASE 65) ]
TOTAL THIS MO.   198    CLEAR  (SCALE 0-3)  11
DPTR FM NORMAL   -86    PTCLDY (SCALE 4-7)   8
TOTAL FM JUL 1  8283    CLOUDY (SCALE 8-10)  1
DPTR FM NORMAL    73

[CDD (BASE 65) ]
TOTAL THIS MO.     4
DPTR FM NORMAL     2    [PRESSURE DATA]
TOTAL FM JAN 1     4    HIGHEST SLP M ON M
DPTR FM NORMAL     1    LOWEST  SLP 29.49 ON  4

[REMARKS]
