000
CXUS52 KGSP 220817
CF6GSP
PRELIMINARY LOCAL CLIMATOLOGICAL DATA (WS FORM: F-6)

                                          STATION:   GREENVILLE-SPARTANBURG SC
                                          MONTH:     APRIL
                                          YEAR:      2018
                                          LATITUDE:   34 54 N
                                          LONGITUDE:  82 13 W

  TEMPERATURE IN F:       :PCPN:    SNOW:  WIND      :SUNSHINE: SKY     :PK WND
================================================================================
1   2   3   4   5  6A  6B    7    8   9   10  11  12  13   14  15   16   17  18
                                     12Z  AVG MX 2MIN
DY MAX MIN AVG DEP HDD CDD  WTR  SNW DPTH SPD SPD DIR MIN PSBL S-S WX    SPD DR
================================================================================

 1  76  45  61   4   4   0 0.00  0.0    0  9.1 21 200   M    M   0        27 200
 2  81  54  68  11   0   3 0.00  0.0    0  8.6 20 210   M    M   0        25 200
 3  81  52  67  10   0   2 0.00  0.0    0  7.9 20 220   M    M   3        24 210
 4  73  46  60   2   5   0    T  0.0    0 12.1 21 230   M    M   2        26 230
 5  66  35  51  -7  14   0 0.00  0.0    0  4.7 14 350   M    M   0        21 350
 6  72  40  56  -2   9   0 0.01  0.0    0  7.2 20 200   M    M   4        25 230
 7  63  42  53  -5  12   0 0.47  0.0    0  7.8 21  20   M    M  10 1      27  30
 8  54  38  46 -13  19   0 0.00  0.0    0  5.2 13  50   M    M   5 1      16  50
 9  55  43  49 -10  16   0 0.04  0.0    0  3.3  9  30   M    M  10 1      11  30
10  68  46  57  -2   8   0 0.00  0.0    0  4.2 12 150   M    M   3        18 360
11  70  46  58  -1   7   0 0.00  0.0    0  5.5 14  20   M    M   1        19  50
12  76  44  60   0   5   0 0.00  0.0    0  8.9 21 210   M    M   0        29 200
13  78  52  65   5   0   0 0.00  0.0    0 10.3 22 210   M    M   2        28 220
14  82  56  69   9   0   4 0.00  0.0    0  9.3 21 190   M    M   4        27 190
15  70  48  59  -1   6   0 2.31  0.0    0 12.1 26 220   M    M   8 123    35 220
16  58  34  46 -15  19   0 0.00  0.0    0 12.8 25 240   M    M   4        33 240
17  75  30  53  -8  12   0 0.00  0.0    0 10.9 26 240   M    M   0        33 240
18  82  53  68   7   0   3 0.00  0.0    0 15.0 30 200   M    M   0        39 210
19  74  44  59  -2   6   0 0.00  0.0    0 12.2 22  20   M    M   0        29 280
20  66  38  52 -10  13   0 0.00  0.0    0  3.9 12 110   M    M   0        16  80
21  69  43  56  -6   9   0 0.00  0.0    0  3.9 13 110   M    M   0        17 110
================================================================================
SM 1489  929       164  12  2.83     0.0 174.9          M       56
================================================================================
AV 70.9 44.2                               8.3 FASTST   M    M   3    MAX(MPH)
                                 MISC ---->  # 30 200               # 39  210
================================================================================
NOTES:
# LAST OF SEVERAL OCCURRENCES

COLUMN 17 PEAK WIND IN M.P.H.

PRELIMINARY LOCAL CLIMATOLOGICAL DATA (WS FORM: F-6) , PAGE 2

                                          STATION:  GREENVILLE-SPARTANBURG SC
                                          MONTH:    APRIL
                                          YEAR:     2018
                                          LATITUDE:   34 54 N
                                          LONGITUDE:  82 13 W

[TEMPERATURE DATA]      [PRECIPITATION DATA]       SYMBOLS USED IN COLUMN 16

AVERAGE MONTHLY: 57.6   TOTAL FOR MONTH:   2.83    1 = FOG OR MIST
DPTR FM NORMAL:  -1.8   DPTR FM NORMAL:    0.48    2 = FOG REDUCING VISIBILITY
HIGHEST:    82 ON 18,14 GRTST 24HR  2.31 ON 15-15      TO 1/4 MILE OR LESS
LOWEST:     30 ON 17                               3 = THUNDER
                        SNOW, ICE PELLETS, HAIL    4 = ICE PELLETS
                        TOTAL MONTH:   0.0 INCH    5 = HAIL
                        GRTST 24HR     0.0         6 = FREEZING RAIN OR DRIZZLE
                        GRTST DEPTH:   0           7 = DUSTSTORM OR SANDSTORM:
                                                       VSBY 1/2 MILE OR LESS
                                                   8 = SMOKE OR HAZE
[NO. OF DAYS WITH]      [WEATHER - DAYS WITH]      9 = BLOWING SNOW
                                                   X = TORNADO
MAX 32 OR BELOW:   0    0.01 INCH OR MORE:   4
MAX 90 OR ABOVE:   0    0.10 INCH OR MORE:   2
MIN 32 OR BELOW:   1    0.50 INCH OR MORE:   1
MIN  0 OR BELOW:   0    1.00 INCH OR MORE:   1

[HDD (BASE 65) ]
TOTAL THIS MO.   164    CLEAR  (SCALE 0-3)  13
DPTR FM NORMAL    25    PTCLDY (SCALE 4-7)   5
TOTAL FM JUL 1  2875    CLOUDY (SCALE 8-10)  3
DPTR FM NORMAL   -97

[CDD (BASE 65) ]
TOTAL THIS MO.    12
DPTR FM NORMAL   -11    [PRESSURE DATA]
TOTAL FM JAN 1    33    HIGHEST SLP M ON M
DPTR FM NORMAL     2    LOWEST  SLP 29.56 ON 15

[REMARKS]
