000
CXUS54 KJAN 201200
CF6GWO
PRELIMINARY LOCAL CLIMATOLOGICAL DATA (WS FORM: F-6)

                                          STATION:   GREENWOOD
                                          MONTH:     APRIL
                                          YEAR:      2018
                                          LATITUDE:   33 30 N
                                          LONGITUDE:  90  5 W

  TEMPERATURE IN F:       :PCPN:    SNOW:  WIND      :SUNSHINE: SKY     :PK WND
================================================================================
1   2   3   4   5  6A  6B    7    8   9   10  11  12  13   14  15   16   17  18
                                     12Z  AVG MX 2MIN
DY MAX MIN AVG DEP HDD CDD  WTR  SNW DPTH SPD SPD DIR MIN PSBL S-S WX    SPD DR
================================================================================

 1  80  51  66   6   0   1 0.00  0.0    0  5.0 16 220   M    M   0        21 210
 2  78  53  66   6   0   1 0.00  0.0    0  6.0 14 180   M    M   4        19 180
 3  87  54  71  11   0   6 0.40  0.0    0 16.1 31 220   M    M   5 13     39 210
 4  58  40  49 -11  16   0 0.00  0.0    0  9.5 22 350   M    M   1        31 350
 5  71  37  54  -7  11   0 0.00  0.0    0  5.2 16 110   M    M   1        19 160
 6  60  54  57  -4   8   0 1.70  0.0    0  6.9 20  20   M    M   9 13     24  30
 7  57  34  46 -15  19   0 0.06  0.0    0 11.3 22  20   M    M   9 1      27  20
 8  63  31  47 -14  18   0 0.00  0.0    0  5.5 16  60   M    M   3 1      21  70
 9  68  47  58  -4   7   0 0.00  0.0    0  6.5 15  20   M    M   2        20  20
10  67  44  56  -6   9   0 0.00  0.0    0  5.2 16 340   M    M   0        22 330
11  76  38  57  -5   8   0 0.00  0.0    0  2.6  9 190   M    M   0        12 210
12  83  51  67   5   0   2 0.00  0.0    0 12.1 22 170   M    M   0        26 150
13  84  61  73  10   0   8 0.00  0.0    0 15.9 26 160   M    M   5        34 150
14  74  51  63   0   2   0 1.97  0.0    0  8.9 26 170   M    M   8 138    33 170
15  51  38  45 -18  20   0 0.00  0.0    0  5.9 14 300   M    M   5        24 260
16  60  35  48 -16  17   0 0.00  0.0    0  3.8 13 320   M    M   0        19 310
17  81  44  63  -1   2   0 0.00  0.0    0 11.5 28 210   M    M   0        36 210
18  77  56  67   3   0   2 0.00  0.0    0 11.3 23 220   M    M   5        31 230
19  65  44  55  -9  10   0 0.00  0.0    0 10.0 21  20   M    M   0        28  20
================================================================================
SM 1340  863       147  20  4.13     0.0 159.2          M       57
================================================================================
AV 70.5 45.4                               8.4 FASTST   M    M   3    MAX(MPH)
                                 MISC ---->  # 31 220               # 39  210
================================================================================
NOTES:
# LAST OF SEVERAL OCCURRENCES

COLUMN 17 PEAK WIND IN M.P.H.

PRELIMINARY LOCAL CLIMATOLOGICAL DATA (WS FORM: F-6) , PAGE 2

                                          STATION:  GREENWOOD
                                          MONTH:    APRIL
                                          YEAR:     2018
                                          LATITUDE:   33 30 N
                                          LONGITUDE:  90  5 W

[TEMPERATURE DATA]      [PRECIPITATION DATA]       SYMBOLS USED IN COLUMN 16

AVERAGE MONTHLY: 58.0   TOTAL FOR MONTH:   4.13    1 = FOG OR MIST
DPTR FM NORMAL:  -4.0   DPTR FM NORMAL:    0.85    2 = FOG REDUCING VISIBILITY
HIGHEST:    87 ON  3    GRTST 24HR  1.97 ON 14-14      TO 1/4 MILE OR LESS
LOWEST:     31 ON  8                               3 = THUNDER
                        SNOW, ICE PELLETS, HAIL    4 = ICE PELLETS
                        TOTAL MONTH:   0.0 INCH    5 = HAIL
                        GRTST 24HR     0.0         6 = FREEZING RAIN OR DRIZZLE
                        GRTST DEPTH:   0           7 = DUSTSTORM OR SANDSTORM:
                                                       VSBY 1/2 MILE OR LESS
                                                   8 = SMOKE OR HAZE
[NO. OF DAYS WITH]      [WEATHER - DAYS WITH]      9 = BLOWING SNOW
                                                   X = TORNADO
MAX 32 OR BELOW:   0    0.01 INCH OR MORE:   4
MAX 90 OR ABOVE:   0    0.10 INCH OR MORE:   3
MIN 32 OR BELOW:   1    0.50 INCH OR MORE:   2
MIN  0 OR BELOW:   0    1.00 INCH OR MORE:   2

[HDD (BASE 65) ]
TOTAL THIS MO.   147    CLEAR  (SCALE 0-3)  11
DPTR FM NORMAL    50    PTCLDY (SCALE 4-7)   5
TOTAL FM JUL 1  2472    CLOUDY (SCALE 8-10)  3
DPTR FM NORMAL  -172

[CDD (BASE 65) ]
TOTAL THIS MO.    20
DPTR FM NORMAL   -19    [PRESSURE DATA]
TOTAL FM JAN 1    83    HIGHEST SLP M ON M
DPTR FM NORMAL    18    LOWEST  SLP 29.69 ON  6

[REMARKS]
