000
CXUS52 KMHX 240700
CF6HSE
PRELIMINARY LOCAL CLIMATOLOGICAL DATA (WS FORM: F-6)

                                          STATION:   CAPE HATTERAS NC
                                          MONTH:     MAY
                                          YEAR:      2018
                                          LATITUDE:   35 13 N
                                          LONGITUDE:  75 37 W

  TEMPERATURE IN F:       :PCPN:    SNOW:  WIND      :SUNSHINE: SKY     :PK WND
================================================================================
1   2   3   4   5  6A  6B    7    8   9   10  11  12  13   14  15   16   17  18
                                     12Z  AVG MX 2MIN
DY MAX MIN AVG DEP HDD CDD  WTR  SNW DPTH SPD SPD DIR MIN PSBL S-S WX    SPD DR
================================================================================

 1  76  62  69   6   0   4 0.00  0.0    0  9.6 15 270   M    M   0        22 260
 2  78  63  71   7   0   6 0.00  0.0    0 10.1 15 240   M    M   0        22 240
 3  76  64  70   6   0   5 0.00  0.0    0 10.5 16 230   M    M   0        22 220
 4  76  65  71   7   0   6 0.00  0.0    0 11.4 17 210   M    M   0 1      23 230
 5  77  65  71   7   0   6 0.38  0.0    0  8.2 17 180   M    M   3 13     22 210
 6  71  66  69   5   0   4 4.60  0.0    0  5.2 17 140   M    M   8 1      23 140
 7  70  59  65   0   0   0    T  0.0    0  8.0 16  30   M    M   9 1      27  30
 8  64  59  62  -3   3   0 0.00  0.0    0 10.1 16  30   M    M  10 1      25  30
 9  65  56  61  -4   4   0    T  0.0    0  8.4 13  20   M    M  10 1      22  20
10  76  56  66   0   0   1 0.04  0.0    0  6.1 13 300   M    M   3 12     18 300
11  82  66  74   8   0   9    T  0.0    0  7.0 14 240   M    M   1 1      20 240
12  82  66  74   8   0   9 0.00  0.0    0  7.0 14 210   M    M   0 1      18 210
13  80  71  76  10   0  11 0.00  0.0    0 10.1 15 230   M    M   0        21 230
14  80  70  75   9   0  10 0.00  0.0    0  9.6 15 220   M    M   0        20 230
15  82  67  75   8   0  10    T  0.0    0  6.9 13 210   M    M   1        19 210
16   M   M   M   M   M   M 0.78  0.0    0  9.7 15 190   M    M   4 1      31 210
17  74  70  72   5   0   7 0.15  0.0    0  9.7 17 180   M    M   5 1      21 200
18  81  71  76   8   0  11 0.31  0.0    0  9.2 20 200   M    M   5 18     28 200
19  81  73  77   9   0  12 0.00  0.0    0 11.6 16 180   M    M   5 1      21 190
20  80  72  76   8   0  11 0.00  0.0    0 10.6 20 210   M    M   5 18     26 210
21  82  72  77   9   0  12 0.00  0.0    0  9.0 14 240   M    M   1 1      19 240
22  81  73  77   8   0  12 0.00  0.0    0  9.4 14 240   M    M   2 1      22 210
23  81  67  74   5   0   9 1.92  0.0    0 12.4 20 230   M    M   2 13     27 220
================================================================================
SM 1695 1453         7 155  8.18     0.0 209.8          M       74
================================================================================
AV 77.1 66.1                               9.1 FASTST   M    M   3    MAX(MPH)
                                 MISC ---->  # 20 200               # 31  210
================================================================================
NOTES:
# LAST OF SEVERAL OCCURRENCES

COLUMN 17 PEAK WIND IN M.P.H.

PRELIMINARY LOCAL CLIMATOLOGICAL DATA (WS FORM: F-6) , PAGE 2

                                          STATION:  CAPE HATTERAS NC
                                          MONTH:    MAY
                                          YEAR:     2018
                                          LATITUDE:   35 13 N
                                          LONGITUDE:  75 37 W

[TEMPERATURE DATA]      [PRECIPITATION DATA]       SYMBOLS USED IN COLUMN 16

AVERAGE MONTHLY: 71.6   TOTAL FOR MONTH:   8.18    1 = FOG OR MIST
DPTR FM NORMAL:   5.5   DPTR FM NORMAL:    5.52    2 = FOG REDUCING VISIBILITY
HIGHEST:    82 ON 21,15 GRTST 24HR  4.60 ON  6- 6      TO 1/4 MILE OR LESS
LOWEST:     56 ON 10, 9                            3 = THUNDER
                        SNOW, ICE PELLETS, HAIL    4 = ICE PELLETS
                        TOTAL MONTH:   0.0 INCH    5 = HAIL
                        GRTST 24HR     0.0         6 = FREEZING RAIN OR DRIZZLE
                        GRTST DEPTH:   0           7 = DUSTSTORM OR SANDSTORM:
                                                       VSBY 1/2 MILE OR LESS
                                                   8 = SMOKE OR HAZE
[NO. OF DAYS WITH]      [WEATHER - DAYS WITH]      9 = BLOWING SNOW
                                                   X = TORNADO
MAX 32 OR BELOW:   0    0.01 INCH OR MORE:   7
MAX 90 OR ABOVE:   0    0.10 INCH OR MORE:   6
MIN 32 OR BELOW:   0    0.50 INCH OR MORE:   3
MIN  0 OR BELOW:   0    1.00 INCH OR MORE:   2

[HDD (BASE 65) ]
TOTAL THIS MO.     7    CLEAR  (SCALE 0-3)  14
DPTR FM NORMAL   -37    PTCLDY (SCALE 4-7)   6
TOTAL FM JUL 1  2287    CLOUDY (SCALE 8-10)  3
DPTR FM NORMAL  -291

[CDD (BASE 65) ]
TOTAL THIS MO.   155
DPTR FM NORMAL    85    [PRESSURE DATA]
TOTAL FM JAN 1   197    HIGHEST SLP M ON M
DPTR FM NORMAL    99    LOWEST  SLP 29.79 ON  6

[REMARKS]
