000
CXUS53 KAPX 270631
CF6HTL
PRELIMINARY LOCAL CLIMATOLOGICAL DATA (WS FORM: F-6)

                                          STATION:   HOUGHTON LAKE MI
                                          MONTH:     MAY
                                          YEAR:      2018
                                          LATITUDE:   44 22 N
                                          LONGITUDE:  84 41 W

  TEMPERATURE IN F:       :PCPN:    SNOW:  WIND      :SUNSHINE: SKY     :PK WND
================================================================================
1   2   3   4   5  6A  6B    7    8   9   10  11  12  13   14  15   16   17  18
                                     12Z  AVG MX 2MIN
DY MAX MIN AVG DEP HDD CDD  WTR  SNW DPTH SPD SPD DIR MIN PSBL S-S WX    SPD DR
================================================================================

 1  79  56  68  19   0   3 0.00  0.0    0 11.8 28 230   M    M   1        37 220
 2  73  56  65  16   0   0 0.09  0.0    0  9.0 20 220   M    M   7 13     29 220
 3  61  48  55   5  10   0 0.57  0.0    0  5.8 14 180   M    M   8 1      19 170
 4  67  44  56   6   9   0 0.44  0.0    0 11.1 26 330   M    M   6 1      36 270
 5  77  40  59   9   6   0 0.00  0.0    0  5.7 16 300   M    M   3 1      21 290
 6  63  40  52   1  13   0 0.01  0.0    0  4.8 12  30   M    M   6 1      16  40
 7  69  34  52   1  13   0 0.00  0.0    0  3.6 10 150   M    M   0 12     14 150
 8  83  49  66  14   0   1 0.00  0.0    0  6.2 10 230   M    M   0         M  M
 9  75  48  62  10   3   0 0.77  0.0    0 11.4 23 170   M    M   4 13     33 180
10  60  34  47  -5  18   0    T  0.0    0 12.7 24 320   M    M   5 1      33 320
11  48  30  39 -13  26   0 0.01  0.0    0  7.8 15 100   M    M   4        20 100
12  63  37  50  -3  15   0 0.00  0.0    0  6.1 14  90   M    M   2        18  70
13  72  34  53   0  12   0 0.00  0.0    0  3.7 10 310   M    M   0        12 280
14  78  50  64  11   1   0 0.05  0.0    0  5.8 14 300   M    M   3 1      18 280
15  73  46  60   6   5   0 0.01  0.0    0  5.3 14 120   M    M   5        18 160
16  80  41  61   7   4   0 0.00  0.0    0  4.6 10 240   M    M   0        13 290
17  74  47  61   7   4   0 0.00  0.0    0  8.5 17  70   M    M   0        21  80
18  71  45  58   3   7   0 0.00  0.0    0 11.6 21  90   M    M   0        26  90
19  60  49  55   0  10   0 0.51  0.0    0  7.4 13 320   M    M  10 1      17 320
20  67  42  55   0  10   0 0.00  0.0    0  7.5 15 300   M    M   4        18 310
21  64  38  51  -5  14   0 0.03  0.0    0  5.1 16 120   M    M   7 12     22 130
22  72  48  60   4   5   0 0.03  0.0    0  4.4 13 330   M    M   6 1      16 340
23  81  41  61   5   4   0 0.00  0.0    0  3.9 14 290   M    M   1 1      18 280
24  83  46  65   9   0   0 0.00  0.0    0  4.9 13 270   M    M   0 12     17 260
25  86  61  74  17   0   9 0.02  0.0    0  8.4 23 290   M    M   0        33 290
26  85  60  73  16   0   8 0.68  0.0    0  3.8 20 310   M    M   1 123    26 210
================================================================================
SM 1864 1164       189  21  3.22     0.0 180.9          M       83
================================================================================
AV 71.7 44.8                               7.0 FASTST   M    M   3    MAX(MPH)
                                 MISC ---->  # 28 230               # 37  220
================================================================================
NOTES:
# LAST OF SEVERAL OCCURRENCES

COLUMN 17 PEAK WIND IN M.P.H.

PRELIMINARY LOCAL CLIMATOLOGICAL DATA (WS FORM: F-6) , PAGE 2

                                          STATION:  HOUGHTON LAKE MI
                                          MONTH:    MAY
                                          YEAR:     2018
                                          LATITUDE:   44 22 N
                                          LONGITUDE:  84 41 W

[TEMPERATURE DATA]      [PRECIPITATION DATA]       SYMBOLS USED IN COLUMN 16

AVERAGE MONTHLY: 58.2   TOTAL FOR MONTH:   3.22    1 = FOG OR MIST
DPTR FM NORMAL:   5.1   DPTR FM NORMAL:    0.89    2 = FOG REDUCING VISIBILITY
HIGHEST:    86 ON 25    GRTST 24HR  0.77 ON  9- 9      TO 1/4 MILE OR LESS
LOWEST:     30 ON 11                               3 = THUNDER
                        SNOW, ICE PELLETS, HAIL    4 = ICE PELLETS
                        TOTAL MONTH:   0.0 INCH    5 = HAIL
                        GRTST 24HR     0.0         6 = FREEZING RAIN OR DRIZZLE
                        GRTST DEPTH:   0           7 = DUSTSTORM OR SANDSTORM:
                                                       VSBY 1/2 MILE OR LESS
                                                   8 = SMOKE OR HAZE
[NO. OF DAYS WITH]      [WEATHER - DAYS WITH]      9 = BLOWING SNOW
                                                   X = TORNADO
MAX 32 OR BELOW:   0    0.01 INCH OR MORE:  13
MAX 90 OR ABOVE:   0    0.10 INCH OR MORE:   5
MIN 32 OR BELOW:   1    0.50 INCH OR MORE:   4
MIN  0 OR BELOW:   0    1.00 INCH OR MORE:   0

[HDD (BASE 65) ]
TOTAL THIS MO.   189    CLEAR  (SCALE 0-3)  12
DPTR FM NORMAL  -129    PTCLDY (SCALE 4-7)  13
TOTAL FM JUL 1  7776    CLOUDY (SCALE 8-10)  1
DPTR FM NORMAL  -203

[CDD (BASE 65) ]
TOTAL THIS MO.    21
DPTR FM NORMAL    14    [PRESSURE DATA]
TOTAL FM JAN 1    21    HIGHEST SLP M ON M
DPTR FM NORMAL    12    LOWEST  SLP 29.49 ON  4

[REMARKS]
