000
CXUS53 KSGF 270800
CF6JLN
PRELIMINARY LOCAL CLIMATOLOGICAL DATA (WS FORM: F-6)

                                          STATION:   JOPLIN MO
                                          MONTH:     MAY
                                          YEAR:      2018
                                          LATITUDE:   37 10 N
                                          LONGITUDE:  94 30 W

  TEMPERATURE IN F:       :PCPN:    SNOW:  WIND      :SUNSHINE: SKY     :PK WND
================================================================================
1   2   3   4   5  6A  6B    7    8   9   10  11  12  13   14  15   16   17  18
                                     12Z  AVG MX 2MIN
DY MAX MIN AVG DEP HDD CDD  WTR  SNW DPTH SPD SPD DIR MIN PSBL S-S WX    SPD DR
================================================================================

 1  77  65  71   8   0   6 0.00    M    M 17.7 30 170   M    M   7        41 170
 2  81  63  72   9   0   7 0.06    M    M 17.6 39 240   M    M   7 13     54 240
 3  73  62  68   4   0   3 0.46    M    M 15.5 30 210   M    M   2 13     43 140
 4  72  51  62  -2   3   0 0.00    M    M  7.8 20 310   M    M   5        29 220
 5  81  49  65   1   0   0 0.00    M    M  3.9 14 330   M    M   1        21 320
 6  85  57  71   7   0   6 0.06    M    M  7.7 21 130   M    M   1 35    360  30
 7  88  53  71   6   0   6 0.00    M    M  2.8  9 120   M    M   0 1      14 150
 8  87  62  75  10   0  10 0.00    M    M 13.1 23 190   M    M   0        35 200
 9  87  69  78  13   0  13 0.00    M    M 11.9 23 210   M    M   1        31 210
10  84  65  75  10   0  10 0.08    M    M 11.2 21 310   M    M   1 3      29 310
11  86  66  76  10   0  11 0.00    M    M 17.6 32 200   M    M   0        46 190
12  84  68  76  10   0  11 0.00    M    M 12.3 25 180   M    M   0 3      34 160
13  88  66  77  11   0  12 0.00    M    M 11.8 22 200   M    M   0        29 190
14  89  63  76  10   0  11 0.20    M    M 11.9 24 300   M    M   3 13     33  10
15  81  61  71   4   0   6 0.71    M    M  5.4 18 280   M    M   2 13     25 290
16  82  63  73   6   0   8    T    M    M  2.8 18 210   M    M   4 123    23 230
17  83  59  71   4   0   6 0.17    M    M  4.9 18  30   M    M   3 123    25  30
18  85  60  73   6   0   8 0.00    M    M  3.1 10 120   M    M   2 12     16 160
19  87  65  76   8   0  11    T    M    M  7.1 30 300   M    M   1 3      40 300
20  81  63  72   4   0   7 1.22    M    M  7.4 29 240   M    M   5 13     46 240
21  80  63  72   4   0   7 0.00    M    M  4.0  9 300   M    M   5 1      13 220
22  87  61  74   6   0   9 0.00    M    M  3.8  9 170   M    M   2        12  30
23  85  65  75   6   0  10 0.31    M    M  4.0 15 180   M    M   2 13     19 150
24  85  66  76   7   0  11 0.21    M    M  4.7 16 350   M    M   4 13     23 340
25  85  69  77   8   0  12    T    M    M  6.7 16 260   M    M   3 3      21  70
26  91  64  78   8   0  13 0.00    M    M  3.8 10 210   M    M   0        14 220
================================================================================
SM 2174 1618         3 214  3.48    M    220.5          M       61
================================================================================
AV 83.6 62.2                               8.5 FASTST   M    M   2    MAX(MPH)
                                 MISC ---->  # 39 240               #360   30
================================================================================
NOTES:
# LAST OF SEVERAL OCCURRENCES

COLUMN 17 PEAK WIND IN M.P.H.

PRELIMINARY LOCAL CLIMATOLOGICAL DATA (WS FORM: F-6) , PAGE 2

                                          STATION:  JOPLIN MO
                                          MONTH:    MAY
                                          YEAR:     2018
                                          LATITUDE:   37 10 N
                                          LONGITUDE:  94 30 W

[TEMPERATURE DATA]      [PRECIPITATION DATA]       SYMBOLS USED IN COLUMN 16

AVERAGE MONTHLY: 72.9   TOTAL FOR MONTH:   3.48    1 = FOG OR MIST
DPTR FM NORMAL:   6.7   DPTR FM NORMAL:   -1.32    2 = FOG REDUCING VISIBILITY
HIGHEST:    91 ON 26    GRTST 24HR  1.22 ON 20-20      TO 1/4 MILE OR LESS
LOWEST:     49 ON  5                               3 = THUNDER
                        SNOW, ICE PELLETS, HAIL    4 = ICE PELLETS
                        TOTAL MONTH:    M          5 = HAIL
                        GRTST 24HR    M  ON   M    6 = FREEZING RAIN OR DRIZZLE
                        GRTST DEPTH:  M  ON   M    7 = DUSTSTORM OR SANDSTORM:
                                                       VSBY 1/2 MILE OR LESS
                                                   8 = SMOKE OR HAZE
[NO. OF DAYS WITH]      [WEATHER - DAYS WITH]      9 = BLOWING SNOW
                                                   X = TORNADO
MAX 32 OR BELOW:   0    0.01 INCH OR MORE:  10
MAX 90 OR ABOVE:   1    0.10 INCH OR MORE:   7
MIN 32 OR BELOW:   0    0.50 INCH OR MORE:   2
MIN  0 OR BELOW:   0    1.00 INCH OR MORE:   1

[HDD (BASE 65) ]
TOTAL THIS MO.     3    CLEAR  (SCALE 0-3)  17
DPTR FM NORMAL   -58    PTCLDY (SCALE 4-7)   9
TOTAL FM JUL 1  4087    CLOUDY (SCALE 8-10)  0
DPTR FM NORMAL    23

[CDD (BASE 65) ]
TOTAL THIS MO.   214
DPTR FM NORMAL   119    [PRESSURE DATA]
TOTAL FM JAN 1   230    HIGHEST SLP M ON M
DPTR FM NORMAL    81    LOWEST  SLP 29.73 ON  3

[REMARKS]
