000
CXUS54 KFWD 250730
CF6JWY
PRELIMINARY LOCAL CLIMATOLOGICAL DATA (WS FORM: F-6)

                                          STATION:   WAXAHACHIE
                                          MONTH:     APRIL
                                          YEAR:      2018
                                          LATITUDE:   32 27 N
                                          LONGITUDE:  96 54 W

  TEMPERATURE IN F:       :PCPN:    SNOW:  WIND      :SUNSHINE: SKY     :PK WND
================================================================================
1   2   3   4   5  6A  6B    7    8   9   10  11  12  13   14  15   16   17  18
                                     12Z  AVG MX 2MIN
DY MAX MIN AVG DEP HDD CDD  WTR  SNW DPTH SPD SPD DIR MIN PSBL S-S WX    SPD DR
================================================================================

 1  74  46  60   0   5   0 0.00  0.0    0 13.0 18 340   M    M   9        23 340
 2  66  42  54  -6  11   0 0.00  0.0    0  3.3 10 340   M    M   8 18      M  M
 3  80  51  66   6   0   1 0.08  0.0    0 16.2 23 340   M    M   5        32 330
 4  64  43  54  -7  11   0 0.00  0.0    0  6.2 10  50   M    M   0        18  30
 5  74  46  60  -1   5   0 0.00  0.0    0  8.6 17 160   M    M   7        23 160
 6  84  53  69   8   0   4 0.00  0.0    0 12.8 24 360   M    M   8        33 360
 7  53  34  44 -18  21   0 0.00  0.0    0 15.2 25 340   M    M  10 1      35 350
 8  54  33  44 -18  21   0 0.00  0.0    0  3.5  7 140   M    M   9 1       M  M
 9  67  44  56  -6   9   0 0.00  0.0    0  3.9 13  40   M    M   3 1      17  40
10  71  44  58  -4   7   0 0.00  0.0    0  4.9 10 340   M    M   0        17  20
11  79  46  63   0   2   0 0.00  0.0    0 10.3 21 170   M    M   0        30 170
12  82  61  72   9   0   7 0.00  0.0    0 18.5 24 170   M    M   5        36 170
13  84  65  75  12   0  10 0.06  0.0    0 15.0 22 190   M    M   8 1      30 170
14  66  44  55  -9  10   0 0.00  0.0    0 16.8 27 320   M    M   0        33 320
15  65  38  52 -12  13   0 0.00  0.0    0 10.3 20 320   M    M   0        29 320
16  80  38  59  -5   6   0 0.00  0.0    0  7.7 20 170   M    M   0        29 170
17  83  56  70   6   0   5 0.00  0.0    0 17.3 27 180   M    M   1        31 180
18  78  56  67   2   0   2 0.00  0.0    0 13.1 23 330   M    M   1        29 340
19  71  49  60  -5   5   0 0.00  0.0    0  7.1 12  20   M    M   0        16  20
20  69  46  58  -7   7   0 0.00  0.0    0  6.2 12 120   M    M   0        18  90
21  66  52  59  -7   6   0 0.67  0.0    0  7.5 17 330   M    M   9 1      23 320
22  67  51  59  -7   6   0 0.00  0.0    0 12.1 20 330   M    M   5        27 330
23  75  49  62  -4   3   0 0.00  0.0    0  7.2 15 320   M    M   2        18 320
24  82  52  67   1   0   2 0.00  0.0    0  1.2  6 250   M    M   0         M  M
================================================================================
SM 1734 1139       148  31  0.81     0.0 237.9          M       90
================================================================================
AV 72.3 47.5                               9.9 FASTST   M    M   4    MAX(MPH)
                                 MISC ---->  # 27 320               # 36  170
================================================================================
NOTES:
# LAST OF SEVERAL OCCURRENCES

COLUMN 17 PEAK WIND IN M.P.H.

PRELIMINARY LOCAL CLIMATOLOGICAL DATA (WS FORM: F-6) , PAGE 2

                                          STATION:  WAXAHACHIE
                                          MONTH:    APRIL
                                          YEAR:     2018
                                          LATITUDE:   32 27 N
                                          LONGITUDE:  96 54 W

[TEMPERATURE DATA]      [PRECIPITATION DATA]       SYMBOLS USED IN COLUMN 16

AVERAGE MONTHLY: 59.9   TOTAL FOR MONTH:   0.81    1 = FOG OR MIST
DPTR FM NORMAL:  -3.3   DPTR FM NORMAL:   -1.75    2 = FOG REDUCING VISIBILITY
HIGHEST:    84 ON 13, 6 GRTST 24HR  0.67 ON 21-21      TO 1/4 MILE OR LESS
LOWEST:     33 ON  8                               3 = THUNDER
                        SNOW, ICE PELLETS, HAIL    4 = ICE PELLETS
                        TOTAL MONTH:   0.0 INCH    5 = HAIL
                        GRTST 24HR     0.0         6 = FREEZING RAIN OR DRIZZLE
                        GRTST DEPTH:   0           7 = DUSTSTORM OR SANDSTORM:
                                                       VSBY 1/2 MILE OR LESS
                                                   8 = SMOKE OR HAZE
[NO. OF DAYS WITH]      [WEATHER - DAYS WITH]      9 = BLOWING SNOW
                                                   X = TORNADO
MAX 32 OR BELOW:   0    0.01 INCH OR MORE:   3
MAX 90 OR ABOVE:   0    0.10 INCH OR MORE:   1
MIN 32 OR BELOW:   0    0.50 INCH OR MORE:   1
MIN  0 OR BELOW:   0    1.00 INCH OR MORE:   0

[HDD (BASE 65) ]
TOTAL THIS MO.   148    CLEAR  (SCALE 0-3)  13
DPTR FM NORMAL    52    PTCLDY (SCALE 4-7)   5
TOTAL FM JUL 1  2203    CLOUDY (SCALE 8-10)  6
DPTR FM NORMAL  -311

[CDD (BASE 65) ]
TOTAL THIS MO.    31
DPTR FM NORMAL   -18    [PRESSURE DATA]
TOTAL FM JAN 1    89    HIGHEST SLP M ON M
DPTR FM NORMAL    23    LOWEST  SLP M ON M

[REMARKS]
