000
CXUS53 KMPX 271000
CF6MKT
PRELIMINARY LOCAL CLIMATOLOGICAL DATA (WS FORM: F-6)

                                          STATION:   MANKATO MN
                                          MONTH:     MAY
                                          YEAR:      2018
                                          LATITUDE:   44 13 N
                                          LONGITUDE:  93 55 W

  TEMPERATURE IN F:       :PCPN:    SNOW:  WIND      :SUNSHINE: SKY     :PK WND
================================================================================
1   2   3   4   5  6A  6B    7    8   9   10  11  12  13   14  15   16   17  18
                                     12Z  AVG MX 2MIN
DY MAX MIN AVG DEP HDD CDD  WTR  SNW DPTH SPD SPD DIR MIN PSBL S-S WX    SPD DR
================================================================================

 1   M   M   M   M   M   M 0.76    M    M 10.9 18 230   M    M   5 13     30 230
 2  64  45  55   1  10   0    T    M    M  7.8 15 300   M    M   5 1       M  M
 3  71  49  60   6   5   0 0.05    M    M  3.3  8  50   M    M   6         M  M
 4  75  50  63   9   2   0 0.00    M    M 13.3 25 330   M    M   1        35 340
 5  82  52  67  12   0   2    T    M    M  7.4 17 210   M    M   1        24 210
 6  75  53  64   9   1   0 0.02    M    M  9.0 15  20   M    M   1 8      25  30
 7  84  53  69  13   0   4 0.00    M    M 10.0 17 240   M    M   1        24 220
 8  68  59  64   8   1   0 0.47    M    M 13.1 25  80   M    M   7 3      32  60
 9  67  53  60   4   5   0 0.03    M    M  9.6 15 300   M    M   6 1       M  M
10  59  47  53  -3  12   0 0.02    M    M  8.8 17 360   M    M   6 1       M  M
11  52  43  48  -9  17   0 0.43    M    M 11.9 18  80   M    M  10 1       M  M
12  57  45  51  -6  14   0    T    M    M 10.0 16  80   M    M   5        23 100
13  66  48  57  -1   8   0 0.00    M    M  3.8  8  80   M    M   9         M  M
14  69  53  61   3   4   0 0.09    M    M  4.5 10 320   M    M   7 12      M  M
15  77  51  64   6   1   0 0.00    M    M  5.3 10  50   M    M   2 12      M  M
16  85  55  70  12   0   5 0.00  0.0    0  6.4 14 230   M    M   0        20 230
17  86  58  72  13   0   7 0.00    M    M  7.9 16 150   M    M   1        20 160
18  85  59  72  13   0   7 0.00    M    M 14.4 18 140   M    M   2        24 140
19  70  49  60   0   5   0    T    M    M 14.3 20  40   M    M   9        28  30
20  68  48  58  -2   7   0 0.00    M    M 12.4 20  40   M    M   8        24  50
21  67  56  62   2   3   0    T    M    M  7.9 15 140   M    M  10         M  M
22  79  55  67   7   0   2 0.00    M    M  5.9 13 120   M    M   6 12      M  M
23  83  63  73  12   0   8 0.14    M    M  9.6 18 150   M    M   3 1       M  M
24  91  68  80  19   0  15 0.00    M    M 13.1 20 190   M    M   2 3      31 190
25  90  66  78  17   0  13 0.01    M    M  7.5 13 280   M    M   1 38     21 280
26  95  63  79  17   0  14 0.00    M    M  6.3 13  20   M    M   1 8      16 310
================================================================================
SM 1865 1341        95  77  2.02     0.0 234.4          M      115
================================================================================
AV 74.6 53.6                               9.0 FASTST   M    M   4    MAX(MPH)
                                 MISC ---->  # 25 330               # 35  340
================================================================================
NOTES:
# LAST OF SEVERAL OCCURRENCES

COLUMN 17 PEAK WIND IN M.P.H.

PRELIMINARY LOCAL CLIMATOLOGICAL DATA (WS FORM: F-6) , PAGE 2

                                          STATION:  MANKATO MN
                                          MONTH:    MAY
                                          YEAR:     2018
                                          LATITUDE:   44 13 N
                                          LONGITUDE:  93 55 W

[TEMPERATURE DATA]      [PRECIPITATION DATA]       SYMBOLS USED IN COLUMN 16

AVERAGE MONTHLY: 64.1   TOTAL FOR MONTH:   2.02    1 = FOG OR MIST
DPTR FM NORMAL:   6.5   DPTR FM NORMAL:   -0.81    2 = FOG REDUCING VISIBILITY
HIGHEST:    95 ON 26    GRTST 24HR  0.76 ON  1- 1      TO 1/4 MILE OR LESS
LOWEST:     43 ON 11                               3 = THUNDER
                        SNOW, ICE PELLETS, HAIL    4 = ICE PELLETS
                        TOTAL MONTH:   0.0 INCH    5 = HAIL
                        GRTST 24HR     0.0         6 = FREEZING RAIN OR DRIZZLE
                        GRTST DEPTH:   0           7 = DUSTSTORM OR SANDSTORM:
                                                       VSBY 1/2 MILE OR LESS
                                                   8 = SMOKE OR HAZE
[NO. OF DAYS WITH]      [WEATHER - DAYS WITH]      9 = BLOWING SNOW
                                                   X = TORNADO
MAX 32 OR BELOW:   0    0.01 INCH OR MORE:  10
MAX 90 OR ABOVE:   3    0.10 INCH OR MORE:   4
MIN 32 OR BELOW:   0    0.50 INCH OR MORE:   1
MIN  0 OR BELOW:   0    1.00 INCH OR MORE:   0

[HDD (BASE 65) ]
TOTAL THIS MO.    95    CLEAR  (SCALE 0-3)  11
DPTR FM NORMAL  -123    PTCLDY (SCALE 4-7)  11
TOTAL FM JUL 1  7838    CLOUDY (SCALE 8-10)  4
DPTR FM NORMAL    99

[CDD (BASE 65) ]
TOTAL THIS MO.    77
DPTR FM NORMAL    49    [PRESSURE DATA]
TOTAL FM JAN 1    81    HIGHEST SLP M ON M
DPTR FM NORMAL    48    LOWEST  SLP M ON M

[REMARKS]
