000
CXUS55 KGJT 241000
CF6MTJ
PRELIMINARY LOCAL CLIMATOLOGICAL DATA (WS FORM: F-6)

                                          STATION:   MONTROSE CO
                                          MONTH:     APRIL
                                          YEAR:      2018
                                          LATITUDE:   38 30 N
                                          LONGITUDE: 107 53 W

  TEMPERATURE IN F:       :PCPN:    SNOW:  WIND      :SUNSHINE: SKY     :PK WND
================================================================================
1   2   3   4   5  6A  6B    7    8   9   10  11  12  13   14  15   16   17  18
                                     12Z  AVG MX 2MIN
DY MAX MIN AVG DEP HDD CDD  WTR  SNW DPTH SPD SPD DIR MIN PSBL S-S WX    SPD DR
================================================================================

 1  70  42  56  11   9   0 0.00    M    M  7.8 23 220   M    M   0 8      30 270
 2  71  43  57  11   8   0 0.00    M    M 17.2 30 310   M    M   2        39 220
 3  51  30  41  -5  24   0 0.00    M    M 10.0 31 310   M    M   1        40 320
 4  61  24  43  -3  22   0 0.00    M    M  6.1 16 310   M    M   1         M  M
 5  62  31  47   1  18   0 0.00    M    M  7.4 20 280   M    M   3        25 280
 6  61  45  53   7  12   0 0.05    M    M  4.8 20 240   M    M  10 8      34 260
 7  66  45  56   9   9   0 0.41    M    M  6.5 29 150   M    M   9 18     34 150
 8  58  38  48   1  17   0 0.03    M    M  9.9 39 310   M    M   4        52 300
 9  57  32  45  -2  20   0 0.00    M    M  6.1 13 130   M    M   1        18 330
10  67  31  49   2  16   0 0.00    M    M  5.4 15 140   M    M   0        18 150
11  76  40  58  10   7   0 0.00    M    M 10.8 37 230   M    M   0 8      54 240
12  70  38  54   6  11   0 0.00    M    M 21.1 39 240   M    M   3        52 210
13  46  27  37 -11  28   0    T    M    M 17.0 32 300   M    M   9 18     43 300
14  52  27  40  -8  25   0 0.00    M    M  6.6 16 310   M    M   1        21 310
15  67  30  49   0  16   0 0.00    M    M  6.2 17 240   M    M   0        21 230
16  72  48  60  11   5   0 0.00    M    M 13.8 43 200   M    M   1 8      57 200
17  57  26  42  -7  23   0 0.00    M    M 15.8 44 230   M    M   2 8      57 200
18  57  23  40 -10  25   0 0.00    M    M  6.9 13 160   M    M   0 8      17 310
19  71  30  51   1  14   0    T    M    M 13.4 37 130   M    M   3 8      47 120
20  51  37  44  -6  21   0 0.06    M    M  9.9 24 240   M    M   7 1      31 230
21  56  36  46  -4  19   0 0.07    M    M  4.6 14 140   M    M   7 1      17 140
22  70  34  52   1  13   0 0.00    M    M  6.1 14 140   M    M   0        15 150
23  76  41  59   8   6   0 0.00    M    M  9.5 25 260   M    M   2        34 310
================================================================================
SM 1445  798       368   0  0.62    M    222.9          M       66
================================================================================
AV 62.8 34.7                               9.7 FASTST   M    M   3    MAX(MPH)
                                 MISC ---->  # 44 230               # 57  200
================================================================================
NOTES:
# LAST OF SEVERAL OCCURRENCES

COLUMN 17 PEAK WIND IN M.P.H.

PRELIMINARY LOCAL CLIMATOLOGICAL DATA (WS FORM: F-6) , PAGE 2

                                          STATION:  MONTROSE CO
                                          MONTH:    APRIL
                                          YEAR:     2018
                                          LATITUDE:   38 30 N
                                          LONGITUDE: 107 53 W

[TEMPERATURE DATA]      [PRECIPITATION DATA]       SYMBOLS USED IN COLUMN 16

AVERAGE MONTHLY: 48.8   TOTAL FOR MONTH:   0.62    1 = FOG OR MIST
DPTR FM NORMAL:   0.8   DPTR FM NORMAL:   -0.13    2 = FOG REDUCING VISIBILITY
HIGHEST:    76 ON 23,11 GRTST 24HR  0.41 ON  7- 7      TO 1/4 MILE OR LESS
LOWEST:     23 ON 18                               3 = THUNDER
                        SNOW, ICE PELLETS, HAIL    4 = ICE PELLETS
                        TOTAL MONTH:    M          5 = HAIL
                        GRTST 24HR    M  ON   M    6 = FREEZING RAIN OR DRIZZLE
                        GRTST DEPTH:  M  ON   M    7 = DUSTSTORM OR SANDSTORM:
                                                       VSBY 1/2 MILE OR LESS
                                                   8 = SMOKE OR HAZE
[NO. OF DAYS WITH]      [WEATHER - DAYS WITH]      9 = BLOWING SNOW
                                                   X = TORNADO
MAX 32 OR BELOW:   0    0.01 INCH OR MORE:   5
MAX 90 OR ABOVE:   0    0.10 INCH OR MORE:   1
MIN 32 OR BELOW:  11    0.50 INCH OR MORE:   0
MIN  0 OR BELOW:   0    1.00 INCH OR MORE:   0

[HDD (BASE 65) ]
TOTAL THIS MO.   368    CLEAR  (SCALE 0-3)  17
DPTR FM NORMAL   -24    PTCLDY (SCALE 4-7)   3
TOTAL FM JUL 1  5211    CLOUDY (SCALE 8-10)  3
DPTR FM NORMAL  -637

[CDD (BASE 65) ]
TOTAL THIS MO.     0
DPTR FM NORMAL     0    [PRESSURE DATA]
TOTAL FM JAN 1     0    HIGHEST SLP M ON M
DPTR FM NORMAL     0    LOWEST  SLP 29.13 ON 12

[REMARKS]
