000
CXUS53 KGID 250730
CF6ODX
PRELIMINARY LOCAL CLIMATOLOGICAL DATA (WS FORM: F-6)

                                          STATION:   ORD NE
                                          MONTH:     MAY
                                          YEAR:      2018
                                          LATITUDE:   41 37 N
                                          LONGITUDE:  98 57 W

  TEMPERATURE IN F:       :PCPN:    SNOW:  WIND      :SUNSHINE: SKY     :PK WND
================================================================================
1   2   3   4   5  6A  6B    7    8   9   10  11  12  13   14  15   16   17  18
                                     12Z  AVG MX 2MIN
DY MAX MIN AVG DEP HDD CDD  WTR  SNW DPTH SPD SPD DIR MIN PSBL S-S WX    SPD DR
================================================================================

 1  58  50  54   0  11   0    T    M    M 11.2 20 360   M    M   9        30 340
 2  62  44  53  -1  12   0 0.00    M    M  9.8 22  50   M    M   5        29  50
 3  59  45  52  -3  13   0 0.42    M    M 11.3 31  30   M    M   6 13     44  20
 4  77  41  59   4   6   0 0.00    M    M  4.7 16 320   M    M   0        22  20
 5  83  41  62   7   3   0    T    M    M  5.6 31 360   M    M   0        46 340
 6  77  47  62   6   3   0    T    M    M  6.7 17  20   M    M   2        27  20
 7  84  43  64   8   1   0 0.00    M    M 10.3 24 190   M    M   0        33 190
 8  80  55  68  12   0   3 0.00    M    M  9.1 20 340   M    M   0        35 340
 9  80  52  66   9   0   1 0.00    M    M 11.0 25 320   M    M   0        35 330
10  78  46  62   5   3   0 0.35    M    M 14.9 36  80   M    M   1 13     47 310
11  62  46  54  -4  11   0 0.11    M    M 12.4 31 110   M    M   9 13     42 110
12  51  47  49  -9  16   0 0.44    M    M  9.8 20  40   M    M  10 13     27  50
13  57  48  53  -5  12   0 0.01    M    M  5.4 15 340   M    M  10 1      20 340
14  70  52  61   2   4   0 0.46    M    M  6.1 21 340   M    M   8 13     27 350
15  77  49  63   4   2   0 0.00    M    M  3.7 10 130   M    M   1 1      14 120
16  80  47  64   5   1   0 0.00    M    M  4.3 13 200   M    M   2 128    18 200
17  83  60  72  12   0   7 0.10    M    M 10.1 20 120   M    M   3 3      28 140
18  69  57  63   3   2   0 1.27    M    M  9.1 39 100   M    M   9 13     60 100
19  62  48  55  -5  10   0 1.05    M    M 12.9 25  10   M    M   9 1      32 350
20  58  50  54  -7  11   0 0.07    M    M  6.9 15  10   M    M  10 1      20  30
21  72  43  58  -3   7   0 0.00    M    M  4.7 15 200   M    M   5 12     21 190
22  85  56  71  10   0   6 0.00    M    M  6.9 16 180   M    M   2        20 180
23  83  66  75  13   0  10 0.06    M    M 10.0 35 180   M    M   1 13     49 190
24  86  63  75  13   0  10    T    M    M  8.5 22 180   M    M   2 3      31 180
================================================================================
SM 1733 1196       128  37  4.34    M    205.4          M      104
================================================================================
AV 72.2 49.8                               8.6 FASTST   M    M   4    MAX(MPH)
                                 MISC ---->  # 39 100               # 60  100
================================================================================
NOTES:
# LAST OF SEVERAL OCCURRENCES

COLUMN 17 PEAK WIND IN M.P.H.

PRELIMINARY LOCAL CLIMATOLOGICAL DATA (WS FORM: F-6) , PAGE 2

                                          STATION:  ORD NE
                                          MONTH:    MAY
                                          YEAR:     2018
                                          LATITUDE:   41 37 N
                                          LONGITUDE:  98 57 W

[TEMPERATURE DATA]      [PRECIPITATION DATA]       SYMBOLS USED IN COLUMN 16

AVERAGE MONTHLY: 61.0   TOTAL FOR MONTH:   4.34    1 = FOG OR MIST
DPTR FM NORMAL:   3.0   DPTR FM NORMAL:    1.55    2 = FOG REDUCING VISIBILITY
HIGHEST:    86 ON 24    GRTST 24HR  1.27 ON 18-18      TO 1/4 MILE OR LESS
LOWEST:     41 ON  5, 4                            3 = THUNDER
                        SNOW, ICE PELLETS, HAIL    4 = ICE PELLETS
                        TOTAL MONTH:    M          5 = HAIL
                        GRTST 24HR    M  ON   M    6 = FREEZING RAIN OR DRIZZLE
                        GRTST DEPTH:  M  ON   M    7 = DUSTSTORM OR SANDSTORM:
                                                       VSBY 1/2 MILE OR LESS
                                                   8 = SMOKE OR HAZE
[NO. OF DAYS WITH]      [WEATHER - DAYS WITH]      9 = BLOWING SNOW
                                                   X = TORNADO
MAX 32 OR BELOW:   0    0.01 INCH OR MORE:  11
MAX 90 OR ABOVE:   0    0.10 INCH OR MORE:   8
MIN 32 OR BELOW:   0    0.50 INCH OR MORE:   2
MIN  0 OR BELOW:   0    1.00 INCH OR MORE:   2

[HDD (BASE 65) ]
TOTAL THIS MO.   128    CLEAR  (SCALE 0-3)  13
DPTR FM NORMAL   -63    PTCLDY (SCALE 4-7)   4
TOTAL FM JUL 1  6829    CLOUDY (SCALE 8-10)  7
DPTR FM NORMAL   285

[CDD (BASE 65) ]
TOTAL THIS MO.    37
DPTR FM NORMAL    12    [PRESSURE DATA]
TOTAL FM JAN 1    42    HIGHEST SLP M ON M
DPTR FM NORMAL    15    LOWEST  SLP 29.59 ON  1

[REMARKS]
