000
CXAK56 PAFG 191402
CF6OTZ
PRELIMINARY LOCAL CLIMATOLOGICAL DATA (WS FORM: F-6)

                                          STATION:   KOTZEBUE AK
                                          MONTH:     MAY
                                          YEAR:      2018
                                          LATITUDE:   66 52 N
                                          LONGITUDE: 162 38 W

  TEMPERATURE IN F:       :PCPN:    SNOW:  WIND      :SUNSHINE: SKY     :PK WND
================================================================================
1   2   3   4   5  6A  6B    7    8   9   10  11  12  13   14  15   16   17  18
                                     12Z  AVG MX 2MIN
DY MAX MIN AVG DEP HDD CDD  WTR  SNW DPTH SPD SPD DIR MIN PSBL S-S WX    SPD DR
================================================================================

 1  28  21  25   1  40   0 0.12  1.2   41  9.9 18 190   M    M   9 1      21 190
 2  29  21  25   0  40   0 0.05  0.5   42 10.9 20 230   M    M  10 1      24 230
 3  33  19  26   1  39   0    T    T   40  6.9 13  30   M    M   8        16  30
 4  39  24  32   6  33   0    T    T   38 11.2 20  70   M    M   4        22  70
 5  36  29  33   6  32   0 0.05  0.9   36 15.8 29  90   M    M   9 1      32 100
 6  34  31  33   6  32   0 0.06  0.3   33 15.6 22 160   M    M  10 1      25 170
 7  35  27  31   3  34   0 0.01    T   31 10.2 20 110   M    M   8 1      24 110
 8  40  33  37   9  28   0 0.03    T   27 14.7 24  90   M    M   7 1      28  80
 9  45  36  41  12  24   0 0.00  0.0   24 15.0 22  80   M    M   7        25  80
10  46  36  41  12  24   0    T  0.0   17 10.5 22 150   M    M   5        26 150
11  51  33  42  12  23   0 0.01    T   12  7.1 15 190   M    M   7        18 200
12  42  33  38   8  27   0 0.03    T    7 13.1 22 170   M    M   6 1      26 170
13  42  34  38   7  27   0 0.00  0.0    4 12.6 21 140   M    M   7        24 130
14  45  33  39   8  26   0    M    M    M  3.6 10  70   M    M   6 8      14  60
15  35  30  33   1  32   0 0.00  0.0    T  8.0 14 270   M    M   8 12     16 270
16  34  30  32   0  33   0    M    M    M  8.5 12 290   M    M  10 12     14 280
17  39  32  36   3  29   0    M    M    T  4.7  9 320   M    M   5        12 310
18  49  29  39   6  26   0    M    M    T  5.5 13 320   M    M   0        15 320
================================================================================
SM  702  531       549   0  0.36     2.9 183.8          M      126
================================================================================
AV 39.0 29.5                              10.2 FASTST   M    M   7    MAX(MPH)
                                 MISC ---->  # 29  90               # 32  100
================================================================================
NOTES:
# LAST OF SEVERAL OCCURRENCES

COLUMN 17 PEAK WIND IN M.P.H.

PRELIMINARY LOCAL CLIMATOLOGICAL DATA (WS FORM: F-6) , PAGE 2

                                          STATION:  KOTZEBUE AK
                                          MONTH:    MAY
                                          YEAR:     2018
                                          LATITUDE:   66 52 N
                                          LONGITUDE: 162 38 W

[TEMPERATURE DATA]      [PRECIPITATION DATA]       SYMBOLS USED IN COLUMN 16

AVERAGE MONTHLY: 34.3   TOTAL FOR MONTH:   0.36    1 = FOG OR MIST
DPTR FM NORMAL:   5.4   DPTR FM NORMAL:    0.10    2 = FOG REDUCING VISIBILITY
HIGHEST:    51 ON 11    GRTST 24HR  0.12 ON  1- 1      TO 1/4 MILE OR LESS
LOWEST:     19 ON  3                               3 = THUNDER
                        SNOW, ICE PELLETS, HAIL    4 = ICE PELLETS
                        TOTAL MONTH:   2.9 INCHES  5 = HAIL
                        GRTST 24HR   1.2 ON  1- 1  6 = FREEZING RAIN OR DRIZZLE
                        GRTST DEPTH:  42 ON  2     7 = DUSTSTORM OR SANDSTORM:
                                                       VSBY 1/2 MILE OR LESS
                                                   8 = SMOKE OR HAZE
[NO. OF DAYS WITH]      [WEATHER - DAYS WITH]      9 = BLOWING SNOW
                                                   X = TORNADO
MAX 32 OR BELOW:   2    0.01 INCH OR MORE:   8
MAX 90 OR ABOVE:   0    0.10 INCH OR MORE:   1
MIN 32 OR BELOW:  11    0.50 INCH OR MORE:   0
MIN  0 OR BELOW:   0    1.00 INCH OR MORE:   0

[HDD (BASE 65) ]
TOTAL THIS MO.   549    CLEAR  (SCALE 0-3)   1
DPTR FM NORMAL  -101    PTCLDY (SCALE 4-7)   9
TOTAL FM JUL 1 12154    CLOUDY (SCALE 8-10)  8
DPTR FM NORMAL -2274

[CDD (BASE 65) ]
TOTAL THIS MO.     0
DPTR FM NORMAL     0    [PRESSURE DATA]
TOTAL FM JAN 1     0    HIGHEST SLP M ON M
DPTR FM NORMAL     0    LOWEST  SLP 29.57 ON  1

[REMARKS]
