587
CXUS54 KLZK 231130
CF6PBF
PRELIMINARY LOCAL CLIMATOLOGICAL DATA (WS FORM: F-6)

                                          STATION:   Pine Bluff
                                          MONTH:     APRIL
                                          YEAR:      2018
                                          LATITUDE:   34 10 N
                                          LONGITUDE:  91 56 W

  TEMPERATURE IN F:       :PCPN:    SNOW:  WIND      :SUNSHINE: SKY     :PK WND
================================================================================
1   2   3   4   5  6A  6B    7    8   9   10  11  12  13   14  15   16   17  18
                                     12Z  AVG MX 2MIN
DY MAX MIN AVG DEP HDD CDD  WTR  SNW DPTH SPD SPD DIR MIN PSBL S-S WX    SPD DR
================================================================================

 1  70  46  58  -1   7   0    T  0.0    0  8.3 18  10   M    M   4        23  20
 2  72  43  58  -1   7   0 0.00  0.0    0  8.6 31 170   M    M   6 1      42 170
 3  81  48  65   5   0   0 0.18  0.0    0 17.7 30 200   M    M   7 13     42 210
 4  57  38  48 -12  17   0 0.00  0.0    0  7.8 20 340   M    M   0        28  10
 5  57  37  47 -13  18   0 0.01  0.0    0  4.4 17 120   M    M   6        21 110
 6  56  49  53  -7  12   0 2.09  0.0    0  8.1 28  30   M    M  10 13     35  30
 7  49  32  41 -20  24   0 0.04    T    0 14.6 29  20   M    M   8 4      37  20
 8  54  30  42 -19  23   0 0.00  0.0    0  6.6 16  80   M    M   3 1      21  70
 9  61  38  50 -11  15   0 0.00  0.0    0  6.1 16  30   M    M   0        21  10
10  62  45  54  -7  11   0 0.00  0.0    0  8.9 20 330   M    M   0        25 340
11  75  41  58  -4   7   0 0.00  0.0    0  9.3 17 190   M    M   0        23 180
12  81  52  67   5   0   2 0.00  0.0    0 15.8 26 180   M    M   0        32 190
13  75  60  68   6   0   3 1.50  0.0    0 16.0 28 160   M    M   7 13     34 160
14  65  43  54  -8  11   0 2.37    M    0 12.0 21 250   M    M   5 13     26 170
15  53  41  47 -16  18   0 0.00  0.0    0 10.9 23 310   M    M   6        31 320
16  68  37  53 -10  12   0 0.00  0.0    0  7.4 17 300   M    M   0        27 320
17  83  48  66   3   0   1 0.00  0.0    0 11.4 26 210   M    M   0        35 210
18  83  61  72   8   0   7 0.00  0.0    0 12.7 21 230   M    M   2        29 230
19  62  46  54 -10  11   0 0.00  0.0    0 12.9 25 340   M    M   0        30  10
20  67  43  55  -9  10   0 0.00  0.0    0  8.7 22  70   M    M   0        28  80
21  73  45  59  -5   6   0 0.65  0.0    0  6.6 22 130   M    M   2 1      27 120
22  68  54  61  -4   4   0 1.03  0.0    0  9.3 28 100   M    M  10 1      33 100
================================================================================
SM 1472  977       213  13  7.87    T    224.1          M       76
================================================================================
AV 66.9 44.4                              10.2 FASTST   M    M   3    MAX(MPH)
                                 MISC ---->  # 31 170               # 42  170
================================================================================
NOTES:
# LAST OF SEVERAL OCCURRENCES

COLUMN 17 PEAK WIND IN M.P.H.

PRELIMINARY LOCAL CLIMATOLOGICAL DATA (WS FORM: F-6) , PAGE 2

                                          STATION:  Pine Bluff
                                          MONTH:    APRIL
                                          YEAR:     2018
                                          LATITUDE:   34 10 N
                                          LONGITUDE:  91 56 W

[TEMPERATURE DATA]      [PRECIPITATION DATA]       SYMBOLS USED IN COLUMN 16

AVERAGE MONTHLY: 55.7   TOTAL FOR MONTH:   7.87    1 = FOG OR MIST
DPTR FM NORMAL:  -6.2   DPTR FM NORMAL:    4.26    2 = FOG REDUCING VISIBILITY
HIGHEST:    83 ON 18,17 GRTST 24HR  2.37 ON 14-14      TO 1/4 MILE OR LESS
LOWEST:     30 ON  8                               3 = THUNDER
                        SNOW, ICE PELLETS, HAIL    4 = ICE PELLETS
                        TOTAL MONTH:    T          5 = HAIL
                        GRTST 24HR    T  ON  7- 7  6 = FREEZING RAIN OR DRIZZLE
                        GRTST DEPTH:   0           7 = DUSTSTORM OR SANDSTORM:
                                                       VSBY 1/2 MILE OR LESS
                                                   8 = SMOKE OR HAZE
[NO. OF DAYS WITH]      [WEATHER - DAYS WITH]      9 = BLOWING SNOW
                                                   X = TORNADO
MAX 32 OR BELOW:   0    0.01 INCH OR MORE:   8
MAX 90 OR ABOVE:   0    0.10 INCH OR MORE:   6
MIN 32 OR BELOW:   2    0.50 INCH OR MORE:   5
MIN  0 OR BELOW:   0    1.00 INCH OR MORE:   4

[HDD (BASE 65) ]
TOTAL THIS MO.   213    CLEAR  (SCALE 0-3)  11
DPTR FM NORMAL   102    PTCLDY (SCALE 4-7)   9
TOTAL FM JUL 1  2887    CLOUDY (SCALE 8-10)  2
DPTR FM NORMAL    41

[CDD (BASE 65) ]
TOTAL THIS MO.    13
DPTR FM NORMAL   -27    [PRESSURE DATA]
TOTAL FM JAN 1    52    HIGHEST SLP M ON M
DPTR FM NORMAL    -8    LOWEST  SLP 29.53 ON M

[REMARKS]
ALL SNOWFALL DATA IS FROM THE PINE BLUFF WATER PLANT SITE
