000
CXUS51 KBTV 220700
CF6PBG
PRELIMINARY LOCAL CLIMATOLOGICAL DATA (WS FORM: F-6)
STATION: PLATTSBURGH NY
MONTH: APRIL
YEAR: 2024
LATITUDE: 44 39 N
LONGITUDE: 73 28 W
TEMPERATURE IN F: :PCPN: SNOW: WIND :SUNSHINE: SKY :PK WND
================================================================================
1 2 3 4 5 6A 6B 7 8 9 10 11 12 13 14 15 16 17 18
12Z AVG MX 2MIN
DY MAX MIN AVG DEP HDD CDD WTR SNW DPTH SPD SPD DIR MIN PSBL S-S WX SPD DR
================================================================================
1 54 32 43 7 22 0 0.00 M M 7.4 28 10 M M 5 38 20
2 55 28 42 5 23 0 0.00 M M 7.6 14 360 M M 1 19 10
3 46 32 39 2 26 0 0.40 M M 10.5 22 120 M M 9 1 35 160
4 34 31 33 -5 32 0 0.24 M M 15.9 23 10 M M 10 12 33 20
5 39 32 36 -2 29 0 0.07 M M 11.9 21 360 M M 10 1 26 350
6 43 35 39 0 26 0 0.01 M M 12.2 25 360 M M 10 32 360
7 52 30 41 2 24 0 0.00 M M 8.3 21 360 M M 1 28 360
8 62 27 45 5 20 0 0.00 M M 4.4 14 130 M M 0 17 120
9 65 32 49 9 16 0 0.00 M M 2.7 8 60 M M 1 13 90
10 57 42 50 9 15 0 0.09 M M 6.6 21 140 M M 3 1 27 140
11 54 37 46 5 19 0 0.20 M M 7.0 15 150 M M 5 1 M M
12 73 49 61 19 4 0 0.57 M M 10.0 25 170 M M 9 13 38 140
13 51 38 45 3 20 0 0.03 M M 6.5 15 300 M M 9 23 320
14 55 33 44 1 21 0 0.11 M M 5.0 18 140 M M 6 1 27 300
15 57 42 50 7 15 0 0.01 M M 2.7 12 120 M M 8 1 17 280
16 60 35 48 4 17 0 0.00 M M 8.8 21 320 M M 5 31 300
17 50 32 41 -3 24 0 0.00 M M 7.5 15 30 M M 0 20 40
18 46 37 42 -3 23 0 0.39 M M 8.4 20 160 M M 8 1 28 150
19 58 43 51 6 14 0 T M M 13.1 22 160 M M 8 37 210
20 56 39 48 2 17 0 0.01 M M 6.5 20 280 M M 5 35 210
21 50 35 43 -3 22 0 T M M 5.9 28 340 M M 5 38 350
================================================================================
SM 1117 741 429 0 2.13 M 168.9 M 118
================================================================================
AV 53.2 35.3 8.0 FASTST M M 6 MAX(MPH)
MISC ----> # 28 10 # 38 20
================================================================================
NOTES:
# LAST OF SEVERAL OCCURRENCES
COLUMN 17 PEAK WIND IN M.P.H.
PRELIMINARY LOCAL CLIMATOLOGICAL DATA (WS FORM: F-6) , PAGE 2
STATION: PLATTSBURGH NY
MONTH: APRIL
YEAR: 2024
LATITUDE: 44 39 N
LONGITUDE: 73 28 W
[TEMPERATURE DATA] [PRECIPITATION DATA] SYMBOLS USED IN COLUMN 16
AVERAGE MONTHLY: 44.2 TOTAL FOR MONTH: 2.13 1 = FOG OR MIST
DPTR FM NORMAL: 3.0 DPTR FM NORMAL: 0.40 2 = FOG REDUCING VISIBILITY
HIGHEST: 73 ON 12 GRTST 24HR 0.63 ON 3- 4 TO 1/4 MILE OR LESS
LOWEST: 27 ON 8 3 = THUNDER
SNOW, ICE PELLETS, HAIL 4 = ICE PELLETS
TOTAL MONTH: M 5 = HAIL
GRTST 24HR M ON M 6 = FREEZING RAIN OR DRIZZLE
GRTST DEPTH: M ON M 7 = DUSTSTORM OR SANDSTORM:
VSBY 1/2 MILE OR LESS
8 = SMOKE OR HAZE
[NO. OF DAYS WITH] [WEATHER - DAYS WITH] 9 = BLOWING SNOW
X = TORNADO
MAX 32 OR BELOW: 0 0.01 INCH OR MORE: 12
MAX 90 OR ABOVE: 0 0.10 INCH OR MORE: 6
MIN 32 OR BELOW: 9 0.50 INCH OR MORE: 1
MIN 0 OR BELOW: 0 1.00 INCH OR MORE: 0
[HDD (BASE 65) ]
TOTAL THIS MO. 429 CLEAR (SCALE 0-3) 5
DPTR FM NORMAL -69 PTCLDY (SCALE 4-7) 9
TOTAL FM JUL 1 5978 CLOUDY (SCALE 8-10) 7
DPTR FM NORMAL -1045
[CDD (BASE 65) ]
TOTAL THIS MO. 0
DPTR FM NORMAL 0 [PRESSURE DATA]
TOTAL FM JAN 1 0 HIGHEST SLP M ON M
DPTR FM NORMAL 0 LOWEST SLP 29.08 ON 12
[REMARKS]