000
CXUS54 KBRO 180800
CF6PIL
PRELIMINARY LOCAL CLIMATOLOGICAL DATA (WS FORM: F-6)
STATION: BAYVIEW
MONTH: APRIL
YEAR: 2024
LATITUDE: 26 10 N
LONGITUDE: 97 20 W
TEMPERATURE IN F: :PCPN: SNOW: WIND :SUNSHINE: SKY :PK WND
================================================================================
1 2 3 4 5 6A 6B 7 8 9 10 11 12 13 14 15 16 17 18
12Z AVG MX 2MIN
DY MAX MIN AVG DEP HDD CDD WTR SNW DPTH SPD SPD DIR MIN PSBL S-S WX SPD DR
================================================================================
1 87 73 80 7 0 15 0.00 0.0 0 21.1 35 180 M M 6 1 47 180
2 83 64 74 1 0 9 T 0.0 0 14.5 31 350 M M 3 1 40 350
3 79 55 67 -6 0 2 0.00 0.0 0 10.3 23 330 M M 0 30 320
4 85 51 68 -5 0 3 0.00 0.0 0 9.5 21 110 M M 0 8 26 120
5 83 57 70 -4 0 5 0.00 0.0 0 14.3 28 150 M M 0 37 140
6 82 70 76 2 0 11 0.00 0.0 0 18.0 30 160 M M 5 42 160
7 77 71 74 0 0 9 0.04 0.0 0 7.7 20 160 M M 10 1 29 160
8 83 72 78 4 0 13 0.00 0.0 0 0.0 24 150 M M 10 128 33 140
9 84 74 79 5 0 14 T 0.0 0 16.6 26 170 M M 10 18 40 160
10 89 68 79 5 0 14 T 0.0 0 20.8 37 320 M M 2 18 50 320
11 86 55 71 -3 0 6 0.00 0.0 0 9.1 18 20 M M 0 27 20
12 85 58 72 -3 0 7 0.00 0.0 0 11.8 22 140 M M 0 1 31 120
13 82 68 75 0 0 10 0.00 0.0 0 15.1 25 130 M M 3 35 120
14 86 71 79 4 0 14 0.00 0.0 0 16.9 26 150 M M 6 37 150
15 85 73 79 4 0 14 0.00 0.0 0 18.4 31 140 M M 6 18 40 140
16 89 75 82 7 0 17 T 0.0 0 16.9 26 150 M M 9 18 36 170
17 85 75 80 4 0 15 T 0.0 0 13.3 24 120 M M 8 1 30 150
================================================================================
SM 1430 1130 0 178 0.04 0.0 234.3 M 78
================================================================================
AV 84.1 66.5 13.8 FASTST M M 5 MAX(MPH)
MISC ----> 37 320 50 320
================================================================================
NOTES:
# LAST OF SEVERAL OCCURRENCES
COLUMN 17 PEAK WIND IN M.P.H.
PRELIMINARY LOCAL CLIMATOLOGICAL DATA (WS FORM: F-6) , PAGE 2
STATION: BAYVIEW
MONTH: APRIL
YEAR: 2024
LATITUDE: 26 10 N
LONGITUDE: 97 20 W
[TEMPERATURE DATA] [PRECIPITATION DATA] SYMBOLS USED IN COLUMN 16
AVERAGE MONTHLY: 75.3 TOTAL FOR MONTH: 0.04 1 = FOG OR MIST
DPTR FM NORMAL: 1.1 DPTR FM NORMAL: -0.69 2 = FOG REDUCING VISIBILITY
HIGHEST: 89 ON 16,10 GRTST 24HR 0.04 ON 6- 7 TO 1/4 MILE OR LESS
LOWEST: 51 ON 4 3 = THUNDER
SNOW, ICE PELLETS, HAIL 4 = ICE PELLETS
TOTAL MONTH: 0.0 INCH 5 = HAIL
GRTST 24HR 0.0 6 = FREEZING RAIN OR DRIZZLE
GRTST DEPTH: 0 7 = DUSTSTORM OR SANDSTORM:
VSBY 1/2 MILE OR LESS
8 = SMOKE OR HAZE
[NO. OF DAYS WITH] [WEATHER - DAYS WITH] 9 = BLOWING SNOW
X = TORNADO
MAX 32 OR BELOW: 0 0.01 INCH OR MORE: 1
MAX 90 OR ABOVE: 0 0.10 INCH OR MORE: 0
MIN 32 OR BELOW: 0 0.50 INCH OR MORE: 0
MIN 0 OR BELOW: 0 1.00 INCH OR MORE: 0
[HDD (BASE 65) ]
TOTAL THIS MO. 0 CLEAR (SCALE 0-3) 8
DPTR FM NORMAL 0 PTCLDY (SCALE 4-7) 5
TOTAL FM JUL 1 382 CLOUDY (SCALE 8-10) 4
DPTR FM NORMAL -137
[CDD (BASE 65) ]
TOTAL THIS MO. 178
DPTR FM NORMAL 17 [PRESSURE DATA]
TOTAL FM JAN 1 532 HIGHEST SLP M ON M
DPTR FM NORMAL 31 LOWEST SLP 29.51 ON 9
[REMARKS]