000
CXUS56 KSTO 231425
CF6SAC
PRELIMINARY LOCAL CLIMATOLOGICAL DATA (WS FORM: F-6)

                                          STATION:   SACRAMENTO EXEC. AIRPORT CA
                                          MONTH:     MAY
                                          YEAR:      2018
                                          LATITUDE:   38 31 N
                                          LONGITUDE: 121 30 W

  TEMPERATURE IN F:       :PCPN:    SNOW:  WIND      :SUNSHINE: SKY     :PK WND
================================================================================
1   2   3   4   5  6A  6B    7    8   9   10  11  12  13   14  15   16   17  18
                                     12Z  AVG MX 2MIN
DY MAX MIN AVG DEP HDD CDD  WTR  SNW DPTH SPD SPD DIR MIN PSBL S-S WX    SPD DR
================================================================================

 1  79  49  64   2   1   0    T    M    M  6.6 18 220   M    M   1        26 320
 2  78  48  63   1   2   0 0.00  0.0    0  6.2 16 220   M    M   0        22 220
 3  74  50  62  -1   3   0 0.00  0.0    0  8.0 18 220   M    M   1        24 200
 4  85  50  68   5   0   3 0.00  0.0    0  4.4 18  40   M    M   0        24  30
 5  79  52  66   3   0   1 0.00  0.0    0  6.0 16 220   M    M   0        24 230
 6  76  50  63   0   2   0 0.00  0.0    0  7.5 16 210   M    M   0        23 220
 7  86  50  68   4   0   3 0.00  0.0    0  4.1 13 220   M    M   0        19 300
 8  84  56  70   6   0   5 0.00  0.0    0  7.5 16 220   M    M   0 8      22 240
 9  79  56  68   4   0   3 0.00  0.0    0  8.0 17 230   M    M   1        22 120
10  83  52  68   4   0   3 0.00  0.0    0  5.8 15 230   M    M   0        19  40
11  83  53  68   4   0   3 0.00  0.0    0 16.3 31 320   M    M   0        39 310
12  85  54  70   5   0   5 0.00  0.0    0 11.1 22 220   M    M   0        28 220
13  74  53  64  -1   1   0 0.00  0.0    0 11.5 21 230   M    M   0        27 240
14  72  51  62  -3   3   0 0.00  0.0    0  9.5 18 210   M    M   0        27 220
15  73  52  63  -2   2   0 0.00  0.0    0 10.7 18 220   M    M   1        26 210
16  70  52  61  -5   4   0 0.42  0.0    0  7.4 16 220   M    M   5 13     33 320
17  79  50  65  -1   0   0 0.00  0.0    0  6.8 20 220   M    M   0        28 220
18  80  53  67   1   0   2 0.00  0.0    0  7.5 16 210   M    M   0        25 210
19  77  53  65  -1   0   0 0.00  0.0    0  9.8 20 230   M    M   0        26 220
20  73  53  63  -3   2   0 0.00  0.0    0  9.7 17 210   M    M   3        23 210
21  81  50  66  -1   0   1 0.00  0.0    0  7.5 17 220   M    M   0        29 210
22  75  54  65  -2   0   0 0.00  0.0    0 10.5 20 220   M    M   1        26 230
================================================================================
SM 1725 1141        20  29  0.42     0.0 182.4          M       13
================================================================================
AV 78.4 51.9                               8.3 FASTST   M    M   1    MAX(MPH)
                                 MISC ---->  # 31 320               # 39  310
================================================================================
NOTES:
# LAST OF SEVERAL OCCURRENCES

COLUMN 17 PEAK WIND IN M.P.H.

PRELIMINARY LOCAL CLIMATOLOGICAL DATA (WS FORM: F-6) , PAGE 2

                                          STATION:  SACRAMENTO EXEC. AIRPORT CA
                                          MONTH:    MAY
                                          YEAR:     2018
                                          LATITUDE:   38 31 N
                                          LONGITUDE: 121 30 W

[TEMPERATURE DATA]      [PRECIPITATION DATA]       SYMBOLS USED IN COLUMN 16

AVERAGE MONTHLY: 65.1   TOTAL FOR MONTH:   0.42    1 = FOG OR MIST
DPTR FM NORMAL:   0.6   DPTR FM NORMAL:   -0.10    2 = FOG REDUCING VISIBILITY
HIGHEST:    86 ON  7    GRTST 24HR  0.42 ON 16-16      TO 1/4 MILE OR LESS
LOWEST:     48 ON  2                               3 = THUNDER
                        SNOW, ICE PELLETS, HAIL    4 = ICE PELLETS
                        TOTAL MONTH:   0.0 INCH    5 = HAIL
                        GRTST 24HR     0.0         6 = FREEZING RAIN OR DRIZZLE
                        GRTST DEPTH:   0           7 = DUSTSTORM OR SANDSTORM:
                                                       VSBY 1/2 MILE OR LESS
                                                   8 = SMOKE OR HAZE
[NO. OF DAYS WITH]      [WEATHER - DAYS WITH]      9 = BLOWING SNOW
                                                   X = TORNADO
MAX 32 OR BELOW:   0    0.01 INCH OR MORE:   1
MAX 90 OR ABOVE:   0    0.10 INCH OR MORE:   1
MIN 32 OR BELOW:   0    0.50 INCH OR MORE:   0
MIN  0 OR BELOW:   0    1.00 INCH OR MORE:   0

[HDD (BASE 65) ]
TOTAL THIS MO.    20    CLEAR  (SCALE 0-3)  21
DPTR FM NORMAL   -42    PTCLDY (SCALE 4-7)   1
TOTAL FM JUL 1  2359    CLOUDY (SCALE 8-10)  0
DPTR FM NORMAL  -241

[CDD (BASE 65) ]
TOTAL THIS MO.    29
DPTR FM NORMAL   -23    [PRESSURE DATA]
TOTAL FM JAN 1    41    HIGHEST SLP M ON M
DPTR FM NORMAL   -27    LOWEST  SLP 29.69 ON 11

[REMARKS]
