000
CXUS55 KLOX 211655
CF6SBP
PRELIMINARY LOCAL CLIMATOLOGICAL DATA (WS FORM: F-6)

                                          STATION:   SAN LUIS OBISPO AIRPORT CA
                                          MONTH:     APRIL
                                          YEAR:      2018
                                          LATITUDE:   35 13 N
                                          LONGITUDE: 120 38 W

  TEMPERATURE IN F:       :PCPN:    SNOW:  WIND      :SUNSHINE: SKY     :PK WND
================================================================================
1   2   3   4   5  6A  6B    7    8   9   10  11  12  13   14  15   16   17  18
                                     12Z  AVG MX 2MIN
DY MAX MIN AVG DEP HDD CDD  WTR  SNW DPTH SPD SPD DIR MIN PSBL S-S WX    SPD DR
================================================================================

 1  70  50  60   4   5   0 0.00  0.0    0  3.8 18 300   M    M   5 1      22 310
 2  68  49  59   3   6   0 0.00  0.0    0  5.5 21 310   M    M   5 1      25 310
 3  66  48  57   1   8   0 0.00  0.0    0  4.8 15 340   M    M   6 12     24  10
 4  68  51  60   4   5   0 0.00  0.0    0  6.2 22 310   M    M   5 1      24 300
 5  70  47  59   3   6   0 0.00  0.0    0  8.5 26 310   M    M   3 1      31 320
 6  69  51  60   4   5   0    T  0.0    0  4.4  M   M   M    M   8         M  M
 7  66  54  60   4   5   0 0.09  0.0    0  8.9 26 310   M    M   8 18     32 310
 8  75  53  64   8   1   0 0.00  0.0    0 12.7 24 310   M    M   0        32 330
 9  91  56  74  18   0   9 0.00  0.0    0  3.5 14 310   M    M   0         M  M
10  75  52  64   8   1   0 0.00  0.0    0  8.1 26 320   M    M   2 1      32 320
11  76  52  64   8   1   0    T  0.0    0 10.4 35 320   M    M   4 12     42 320
12  62  47  55  -1  10   0    T    M    0 14.7 29 310   M    M   1 1      37 310
13  73  48  61   5   4   0 0.00  0.0    0  9.9 25 310   M    M   0        32 320
14  83  47  65   8   0   0 0.00  0.0    0  6.5 21 310   M    M   0        26 100
15  70  51  61   4   4   0 0.01  0.0    0  6.9 23 320   M    M   2 18     27 320
16  61  43  52  -5  13   0 0.04    M    0  6.6 35 300   M    M   5 1      43 300
17  67  38  53  -4  12   0 0.00  0.0    0  8.0 26 310   M    M   0        32 310
18  65  41  53  -4  12   0 0.00  0.0    0  7.4 24 320   M    M   1        28 320
19  62  45  54  -3  11   0 0.06    M    0 11.1 26 310   M    M   4 1      33 320
20  70  41  56  -1   9   0 0.00  0.0    0 10.2 28 310   M    M   1 1      33 320
================================================================================
SM 1407  964       118   9  0.20     0.0 158.1          M       60
================================================================================
AV 70.4 48.2                               7.9 FASTST   M    M   3    MAX(MPH)
                                 MISC ---->  # 35 320               # 43  300
================================================================================
NOTES:
# LAST OF SEVERAL OCCURRENCES

COLUMN 17 PEAK WIND IN M.P.H.

PRELIMINARY LOCAL CLIMATOLOGICAL DATA (WS FORM: F-6) , PAGE 2

                                          STATION:  SAN LUIS OBISPO AIRPORT CA
                                          MONTH:    APRIL
                                          YEAR:     2018
                                          LATITUDE:   35 13 N
                                          LONGITUDE: 120 38 W

[TEMPERATURE DATA]      [PRECIPITATION DATA]       SYMBOLS USED IN COLUMN 16

AVERAGE MONTHLY: 59.3   TOTAL FOR MONTH:   0.20    1 = FOG OR MIST
DPTR FM NORMAL:   2.9   DPTR FM NORMAL:   -0.55    2 = FOG REDUCING VISIBILITY
HIGHEST:    91 ON  9    GRTST 24HR  0.09 ON  7- 7      TO 1/4 MILE OR LESS
LOWEST:     38 ON 17                               3 = THUNDER
                        SNOW, ICE PELLETS, HAIL    4 = ICE PELLETS
                        TOTAL MONTH:   0.0 INCH    5 = HAIL
                        GRTST 24HR     0.0         6 = FREEZING RAIN OR DRIZZLE
                        GRTST DEPTH:   0           7 = DUSTSTORM OR SANDSTORM:
                                                       VSBY 1/2 MILE OR LESS
                                                   8 = SMOKE OR HAZE
[NO. OF DAYS WITH]      [WEATHER - DAYS WITH]      9 = BLOWING SNOW
                                                   X = TORNADO
MAX 32 OR BELOW:   0    0.01 INCH OR MORE:   4
MAX 90 OR ABOVE:   1    0.10 INCH OR MORE:   0
MIN 32 OR BELOW:   0    0.50 INCH OR MORE:   0
MIN  0 OR BELOW:   0    1.00 INCH OR MORE:   0

[HDD (BASE 65) ]
TOTAL THIS MO.   118    CLEAR  (SCALE 0-3)  11
DPTR FM NORMAL   -58    PTCLDY (SCALE 4-7)   9
TOTAL FM JUL 1  1289    CLOUDY (SCALE 8-10)  0
DPTR FM NORMAL  -775

[CDD (BASE 65) ]
TOTAL THIS MO.     9
DPTR FM NORMAL     9    [PRESSURE DATA]
TOTAL FM JAN 1    33    HIGHEST SLP M ON M
DPTR FM NORMAL    30    LOWEST  SLP 29.79 ON  2

[REMARKS]
