000
CXUS51 KCLE 200800
CF6TOL
PRELIMINARY LOCAL CLIMATOLOGICAL DATA (WS FORM: F-6)

                                          STATION:   TOLEDO OH
                                          MONTH:     MAY
                                          YEAR:      2018
                                          LATITUDE:   41 35 N
                                          LONGITUDE:  83 48 W

  TEMPERATURE IN F:       :PCPN:    SNOW:  WIND      :SUNSHINE: SKY     :PK WND
================================================================================
1   2   3   4   5  6A  6B    7    8   9   10  11  12  13   14  15   16   17  18
                                     12Z  AVG MX 2MIN
DY MAX MIN AVG DEP HDD CDD  WTR  SNW DPTH SPD SPD DIR MIN PSBL S-S WX    SPD DR
================================================================================

 1  85  54  70  15   0   5 0.00  0.0    0 12.2 25 200   M    M   0        32 200
 2  86  64  75  20   0  10 0.76  0.0    0 14.5 26 270   M    M   4 13     38 240
 3  76  62  69  13   0   4 1.54  0.0    0  9.6 29 250   M    M   7 13     35 250
 4  76  54  65   9   0   0 0.09  0.0    0 14.3 37 250   M    M   5 13     52 270
 5  77  49  63   7   2   0 0.00  0.0    0  6.8 14 250   M    M   0        18 210
 6  79  55  67  10   0   2    T  0.0    0  9.3 21  20   M    M   3 3      27 330
 7  69  46  58   1   7   0 0.00  0.0    0  5.3 20  40   M    M   1        29 340
 8  78  41  60   3   5   0 0.00  0.0    0  1.9  8 120   M    M   0        12 160
 9  83  48  66   8   0   1 0.06  0.0    0  7.8 28 280   M    M   2 3      43 270
10  74  58  66   8   0   1 0.12  0.0    0 11.6 24 290   M    M   4 13     28 280
11  58  46  52  -6  13   0 0.09  0.0    0 13.7 23  60   M    M   7 1      28  50
12  53  47  50  -8  15   0 0.16  0.0    0  8.2 16  50   M    M   9 1      20  50
13  64  48  56  -3   9   0 1.15  0.0    0  5.5 14 110   M    M   7 13     18 100
14  77  53  65   6   0   0 0.64  0.0    0  5.4 23 300   M    M   4 13     31 290
15  74  58  66   7   0   1 0.02  0.0    0  7.7 26 330   M    M   4 13     39 330
16  77  50  64   4   1   0 0.00  0.0    0  5.5 14  50   M    M   0        18  50
17  82  51  67   7   0   2 0.00  0.0    0  7.9 20  60   M    M   0 1      24  60
18  64  56  60   0   5   0 0.25  0.0    0 17.0 29  60   M    M   4 1      36  70
19  80  57  69   8   0   4 0.06  0.0    0  8.9 21 270   M    M   6 13     30 280
================================================================================
SM 1412  997        57  30  4.94     0.0 173.1          M       67
================================================================================
AV 74.3 52.5                               9.1 FASTST   M    M   4    MAX(MPH)
                                 MISC ---->  # 37 250               # 52  270
================================================================================
NOTES:
# LAST OF SEVERAL OCCURRENCES

COLUMN 17 PEAK WIND IN M.P.H.

PRELIMINARY LOCAL CLIMATOLOGICAL DATA (WS FORM: F-6) , PAGE 2

                                          STATION:  TOLEDO OH
                                          MONTH:    MAY
                                          YEAR:     2018
                                          LATITUDE:   41 35 N
                                          LONGITUDE:  83 48 W

[TEMPERATURE DATA]      [PRECIPITATION DATA]       SYMBOLS USED IN COLUMN 16

AVERAGE MONTHLY: 63.4   TOTAL FOR MONTH:   4.94    1 = FOG OR MIST
DPTR FM NORMAL:   5.6   DPTR FM NORMAL:    2.82    2 = FOG REDUCING VISIBILITY
HIGHEST:    86 ON  2    GRTST 24HR  1.54 ON  3- 3      TO 1/4 MILE OR LESS
LOWEST:     41 ON  8                               3 = THUNDER
                        SNOW, ICE PELLETS, HAIL    4 = ICE PELLETS
                        TOTAL MONTH:   0.0 INCH    5 = HAIL
                        GRTST 24HR     0.0         6 = FREEZING RAIN OR DRIZZLE
                        GRTST DEPTH:   0           7 = DUSTSTORM OR SANDSTORM:
                                                       VSBY 1/2 MILE OR LESS
                                                   8 = SMOKE OR HAZE
[NO. OF DAYS WITH]      [WEATHER - DAYS WITH]      9 = BLOWING SNOW
                                                   X = TORNADO
MAX 32 OR BELOW:   0    0.01 INCH OR MORE:  12
MAX 90 OR ABOVE:   0    0.10 INCH OR MORE:   7
MIN 32 OR BELOW:   0    0.50 INCH OR MORE:   4
MIN  0 OR BELOW:   0    1.00 INCH OR MORE:   2

[HDD (BASE 65) ]
TOTAL THIS MO.    57    CLEAR  (SCALE 0-3)   8
DPTR FM NORMAL   -97    PTCLDY (SCALE 4-7)  10
TOTAL FM JUL 1  6030    CLOUDY (SCALE 8-10)  1
DPTR FM NORMAL   -26

[CDD (BASE 65) ]
TOTAL THIS MO.    30
DPTR FM NORMAL    13    [PRESSURE DATA]
TOTAL FM JAN 1    30    HIGHEST SLP M ON M
DPTR FM NORMAL     5    LOWEST  SLP 29.76 ON 10

[REMARKS]
