000
CXUS51 KAKQ 221433
CF6WAL
PRELIMINARY LOCAL CLIMATOLOGICAL DATA (WS FORM: F-6)

                                          STATION:   WALLOPS ISLAND VA
                                          MONTH:     MAY
                                          YEAR:      2018
                                          LATITUDE:   37 55 N
                                          LONGITUDE:  75 28 W

  TEMPERATURE IN F:       :PCPN:    SNOW:  WIND      :SUNSHINE: SKY     :PK WND
================================================================================
1   2   3   4   5  6A  6B    7    8   9   10  11  12  13   14  15   16   17  18
                                     12Z  AVG MX 2MIN
DY MAX MIN AVG DEP HDD CDD  WTR  SNW DPTH SPD SPD DIR MIN PSBL S-S WX    SPD DR
================================================================================

 1  79  49  64   6   1   0 0.00  0.0    0  8.9 16 290   M    M   0        24 270
 2  87  54  71  12   0   6 0.00  0.0    0  7.5 14 200   M    M   0 8      17 190
 3  82  63  73  14   0   8 0.00  0.0    0 10.8 18 190   M    M   2        25 230
 4  84  61  73  14   0   8 0.00  0.0    0 11.7 22 190   M    M   3        25 190
 5  77  59  68   8   0   3 0.00  0.0    0  9.1 16  90   M    M   6        23 230
 6  69  59  64   4   1   0 0.68  0.0    0  5.5 12 150   M    M   8 1      14 160
 7  68  57  63   3   2   0 0.03  0.0    0 11.7 22  60   M    M   6 1      27  50
 8  63  55  59  -1   6   0 0.00  0.0    0 14.4 21  50   M    M   8 1      24  40
 9  67  51  59  -2   6   0 0.00  0.0    0  8.4 15  60   M    M   7 12      M  M
10  74  51  63   2   2   0 0.03  0.0    0 10.7 23 190   M    M   4 123    29 190
11  85  62  74  13   0   9 0.00  0.0    0  8.7 16 280   M    M   1        23 280
12  89  62  76  14   0  11 0.25  0.0    0 10.7 30 360   M    M   1 13     40 360
13  67  60  64   2   1   0 0.03  0.0    0 10.5 18  50   M    M   7 13     23  40
14  73  59  66   4   0   1 0.04  0.0    0  6.0 22 270   M    M   9 138    32 270
15  88  65  77  15   0  12 0.02  0.0    0  8.1 26  40   M    M   1        35  50
16  76  66  71   8   0   6 0.69  0.0    0  5.8 15  90   M    M   9 1      17 200
17  79  64  72   9   0   7 0.14  0.0    0  8.1 15  50   M    M   7 1      18  60
18  68  60  64   1   1   0 2.61  0.0    0 16.4 28  50   M    M   8 138    34  50
19  76  61  69   5   0   4 0.15  0.0    0 11.5 20  60   M    M   9 1      23 190
20  85  68  77  13   0  12    T  0.0    0  9.2 18 230   M    M   6 1      27 230
21  77  64  71   7   0   6 0.02  0.0    0 10.7 23  50   M    M   2 1      28  50
================================================================================
SM 1613 1250        20  93  4.69     0.0 204.4          M      104
================================================================================
AV 76.8 59.5                               9.7 FASTST   M    M   5    MAX(MPH)
                                 MISC ---->  # 30 360               # 40  360
================================================================================
NOTES:
# LAST OF SEVERAL OCCURRENCES

COLUMN 17 PEAK WIND IN M.P.H.

PRELIMINARY LOCAL CLIMATOLOGICAL DATA (WS FORM: F-6) , PAGE 2

                                          STATION:  WALLOPS ISLAND VA
                                          MONTH:    MAY
                                          YEAR:     2018
                                          LATITUDE:   37 55 N
                                          LONGITUDE:  75 28 W

[TEMPERATURE DATA]      [PRECIPITATION DATA]       SYMBOLS USED IN COLUMN 16

AVERAGE MONTHLY: 68.2   TOTAL FOR MONTH:   4.69    1 = FOG OR MIST
DPTR FM NORMAL:   6.9   DPTR FM NORMAL:    2.80    2 = FOG REDUCING VISIBILITY
HIGHEST:    89 ON 12    GRTST 24HR  2.61 ON 18-18      TO 1/4 MILE OR LESS
LOWEST:     49 ON  1                               3 = THUNDER
                        SNOW, ICE PELLETS, HAIL    4 = ICE PELLETS
                        TOTAL MONTH:   0.0 INCH    5 = HAIL
                        GRTST 24HR     0.0         6 = FREEZING RAIN OR DRIZZLE
                        GRTST DEPTH:   0           7 = DUSTSTORM OR SANDSTORM:
                                                       VSBY 1/2 MILE OR LESS
                                                   8 = SMOKE OR HAZE
[NO. OF DAYS WITH]      [WEATHER - DAYS WITH]      9 = BLOWING SNOW
                                                   X = TORNADO
MAX 32 OR BELOW:   0    0.01 INCH OR MORE:  12
MAX 90 OR ABOVE:   0    0.10 INCH OR MORE:   6
MIN 32 OR BELOW:   0    0.50 INCH OR MORE:   3
MIN  0 OR BELOW:   0    1.00 INCH OR MORE:   1

[HDD (BASE 65) ]
TOTAL THIS MO.    20    CLEAR  (SCALE 0-3)   8
DPTR FM NORMAL   -88    PTCLDY (SCALE 4-7)   8
TOTAL FM JUL 1  3851    CLOUDY (SCALE 8-10)  5
DPTR FM NORMAL  -299

[CDD (BASE 65) ]
TOTAL THIS MO.    93
DPTR FM NORMAL    64    [PRESSURE DATA]
TOTAL FM JAN 1    97    HIGHEST SLP M ON M
DPTR FM NORMAL    57    LOWEST  SLP 29.81 ON  6

[REMARKS]
