000
CDUS41 KBTV 230534
CLI1V4


CLIMATE REPORT
NATIONAL WEATHER SERVICE BURLINGTON VT
130 AM EDT MON APR 23 2018


...................................

...THE ST. JOHNSBURY VT CLIMATE SUMMARY FOR APRIL 22 2018...

CLIMATE NORMAL PERIOD 1981 TO 2010
CLIMATE RECORD PERIOD 1894 TO 2018


WEATHER ITEM   OBSERVED TIME   RECORD YEAR NORMAL DEPARTURE LAST
                VALUE   (LST)  VALUE       VALUE  FROM      YEAR
                                                  NORMAL
..................................................................
TEMPERATURE (F)
 YESTERDAY
  MAXIMUM         55        MM  86    1954  60     -5       46
  MINIMUM         24        MM  18    1981  35    -11       39
  AVERAGE         40                        47     -7       43

PRECIPITATION (IN)
  YESTERDAY        0.00          0.88 2000   0.09  -0.09     0.01
  MONTH TO DATE    2.80                      2.06   0.74     2.69
  SINCE MAR 1      4.71                      4.57   0.14     6.14
  SINCE JAN 1     10.29                      9.25   1.04    11.88

DEGREE DAYS
 HEATING
  YESTERDAY       25                        18      7       22
  MONTH TO DATE  670                       492    178      455
  SINCE MAR 1   1749                      1568    181     1701
  SINCE JUL 1   7266                      7292    -26     6714

 COOLING
  YESTERDAY        0                         0      0        0
  MONTH TO DATE    0                         0      0        0
  SINCE MAR 1      0                         0      0        0
  SINCE JAN 1      0                         0      0        0
..................................................................


WIND (MPH)
  HIGHEST WIND SPEED    MM   HIGHEST WIND DIRECTION    MM
  HIGHEST GUST SPEED    MM   HIGHEST GUST DIRECTION    MM
  AVERAGE WIND SPEED    MM


SKY COVER
  AVERAGE SKY COVER 0.0


WEATHER CONDITIONS
 THE FOLLOWING WEATHER WAS RECORDED YESTERDAY.
  NO SIGNIFICANT WEATHER WAS OBSERVED.


RELATIVE HUMIDITY (PERCENT)
 HIGHEST    92           300 AM
 LOWEST     22           100 PM
 AVERAGE    57

..........................................................


THE ST. JOHNSBURY VT CLIMATE NORMALS FOR TODAY
                         NORMAL    RECORD    YEAR
 MAXIMUM TEMPERATURE (F)   60        83      2007
 MINIMUM TEMPERATURE (F)   36        18      1933


SUNRISE AND SUNSET
APRIL 23 2018.........SUNRISE   551 AM EDT   SUNSET   742 PM EDT
APRIL 24 2018.........SUNRISE   549 AM EDT   SUNSET   744 PM EDT


-  INDICATES NEGATIVE NUMBERS.
R  INDICATES RECORD WAS SET OR TIED.
MM INDICATES DATA IS MISSING.
T  INDICATES TRACE AMOUNT.




$$
