000
CDUS43 KUNR 270832
CLI2WX


CLIMATE REPORT
NATIONAL WEATHER SERVICE RAPID CITY SD
232 AM MDT SUN MAY 27 2018


...................................

...THE BUFFALO SD CLIMATE SUMMARY FOR MAY 26 2018...

CLIMATE NORMAL PERIOD 1981 TO 2010
CLIMATE RECORD PERIOD 9999 TO 9999


WEATHER ITEM   OBSERVED TIME   NORMAL DEPARTURE LAST
                VALUE   (LST)  VALUE  FROM      YEAR
                                      NORMAL
......................................................
TEMPERATURE (F)
 YESTERDAY
  MAXIMUM         91    217 PM  68     23       67
  MINIMUM         54    426 AM  45      9       40
  AVERAGE         73            57     16       54

PRECIPITATION (IN)
  YESTERDAY        0.00          0.14  -0.14     0.00
  MONTH TO DATE    1.61          2.39  -0.78     1.64
  SINCE MAR 1      4.50          4.71  -0.21     6.35
  SINCE JAN 1      5.98          5.28   0.70     6.65

DEGREE DAYS
 HEATING
  YESTERDAY        0             9     -9       11
  MONTH TO DATE  171           323   -152      259
  SINCE MAR 1   2119          1979    140     1676
  SINCE JUL 1   8054          7776    278     7027

 COOLING
  YESTERDAY        8             0      8        0
  MONTH TO DATE   33             0     33       13
  SINCE MAR 1     33             0     33       13
  SINCE JAN 1     33             0     33       13
......................................................


WIND (MPH)
  HIGHEST WIND SPEED    25   HIGHEST WIND DIRECTION    SE (140)
  HIGHEST GUST SPEED    31   HIGHEST GUST DIRECTION    SE (140)
  AVERAGE WIND SPEED    11.5




RELATIVE HUMIDITY (PERCENT)
 HIGHEST    66          1000 PM
 LOWEST     27           100 PM
 AVERAGE    47

..........................................................




SUNRISE AND SUNSET
MAY 27 2018...........SUNRISE   512 AM MDT   SUNSET   832 PM MDT
MAY 28 2018...........SUNRISE   511 AM MDT   SUNSET   832 PM MDT


-  INDICATES NEGATIVE NUMBERS.
R  INDICATES RECORD WAS SET OR TIED.
MM INDICATES DATA IS MISSING.
T  INDICATES TRACE AMOUNT.




$$
