000
CDUS43 KABR 260713
CLI8D3


CLIMATE REPORT
NATIONAL WEATHER SERVICE ABERDEEN SD
212 AM CDT THU APR 26 2018


...................................

...THE SISSETON SD CLIMATE SUMMARY FOR APRIL 25 2018...

CLIMATE NORMAL PERIOD 1981 TO 2010
CLIMATE RECORD PERIOD 1900 TO 2018


WEATHER ITEM   OBSERVED TIME   RECORD YEAR NORMAL DEPARTURE LAST
                VALUE   (LST)  VALUE       VALUE  FROM      YEAR
                                                  NORMAL
..................................................................
TEMPERATURE (F)
 YESTERDAY
  MAXIMUM         63    405 PM  94    1962  62      1       37
  MINIMUM         28    548 AM  21    1958  37     -9       33
  AVERAGE         46                        49     -3       35

PRECIPITATION (IN)
  YESTERDAY        0.00          1.02 1998   0.13  -0.13     0.00
  MONTH TO DATE    0.62                      1.63  -1.01     1.52
  SINCE MAR 1      2.26                      2.75  -0.49     1.78
  SINCE JAN 1      3.36                      3.61  -0.25     2.98

SNOWFALL (IN)
  YESTERDAY        0.0
  MONTH TO DATE    7.5
  SINCE OCT 1     49.9
  SINCE JUL 1     49.9
  SNOW DEPTH       0

DEGREE DAYS
 HEATING
  YESTERDAY       19                        16      3       30
  MONTH TO DATE  794                       544    250      439
  SINCE MAR 1   1947                      1627    320     1519
  SINCE JUL 1   8044                      7886    158     6783

 COOLING
  YESTERDAY        0                         0      0        0
  MONTH TO DATE    0                         0      0        0
  SINCE MAR 1      0                         0      0        0
  SINCE JAN 1      0                         0      0        0
..................................................................


WIND (MPH)
  HIGHEST WIND SPEED    21   HIGHEST WIND DIRECTION    SW (210)
  HIGHEST GUST SPEED    29   HIGHEST GUST DIRECTION    SW (210)
  AVERAGE WIND SPEED     9.2


SKY COVER
  POSSIBLE SUNSHINE  MM
  AVERAGE SKY COVER 0.0


WEATHER CONDITIONS
 THE FOLLOWING WEATHER WAS RECORDED YESTERDAY.
  NO SIGNIFICANT WEATHER WAS OBSERVED.


RELATIVE HUMIDITY (PERCENT)
 HIGHEST    92           500 AM
 LOWEST     27           300 PM
 AVERAGE    60

..........................................................


THE SISSETON SD CLIMATE NORMALS FOR TODAY
                         NORMAL    RECORD    YEAR
 MAXIMUM TEMPERATURE (F)   62        91      1962
 MINIMUM TEMPERATURE (F)   37        23      1932


SUNRISE AND SUNSET
APRIL 26 2018.........SUNRISE   623 AM CDT   SUNSET   829 PM CDT
APRIL 27 2018.........SUNRISE   622 AM CDT   SUNSET   830 PM CDT


-  INDICATES NEGATIVE NUMBERS.
R  INDICATES RECORD WAS SET OR TIED.
MM INDICATES DATA IS MISSING.
T  INDICATES TRACE AMOUNT.




$$
