000
CDUS44 KSJT 190754
CLIABI


CLIMATE REPORT
NATIONAL WEATHER SERVICE SAN ANGELO TX
252 AM CDT THU APR 19 2018


...................................

...THE ABILENE CLIMATE SUMMARY FOR APRIL 18 2018...

CLIMATE NORMAL PERIOD 1981 TO 2010
CLIMATE RECORD PERIOD 1886 TO 2018


WEATHER ITEM   OBSERVED TIME   RECORD YEAR NORMAL DEPARTURE LAST
                VALUE   (LST)  VALUE       VALUE  FROM      YEAR
                                                  NORMAL
..................................................................
TEMPERATURE (F)
 YESTERDAY
  MAXIMUM         75   1200 AM 102    1925  78     -3       81
  MINIMUM         47   1159 PM  35    1921  53     -6       54
  AVERAGE         61                        65     -4       68

PRECIPITATION (IN)
  YESTERDAY        0.00          2.95 1908   0.05  -0.05     0.00
  MONTH TO DATE    T                         0.85  -0.85     1.32
  SINCE MAR 1      1.47                      2.59  -1.12     1.74
  SINCE JAN 1      3.88                      4.97  -1.09     5.12

SNOWFALL (IN)
  YESTERDAY        0.0           0.0  2002   0.0    0.0      0.0
  MONTH TO DATE    0.0                       0.3   -0.3      0.0
  SINCE NOV 1      0.5                       4.7   -4.2       T
  SINCE JUL 1      0.5                       4.7   -4.2       T

DEGREE DAYS
 HEATING
  YESTERDAY        4                         3      1        0
  MONTH TO DATE  127                        85     42       47
  SINCE MAR 1    338                       383    -45      193
  SINCE JUL 1   2539                      2516     23     1774

 COOLING
  YESTERDAY        0                         3     -3        3
  MONTH TO DATE   41                        46     -5       49
  SINCE MAR 1     87                        75     12      133
  SINCE JAN 1     99                        80     19      164
..................................................................


WIND (MPH)
  HIGHEST WIND SPEED    24   HIGHEST WIND DIRECTION    NE (30)
  HIGHEST GUST SPEED    31   HIGHEST GUST DIRECTION    NE (30)
  AVERAGE WIND SPEED     8.9


SKY COVER
  POSSIBLE SUNSHINE  MM
  AVERAGE SKY COVER 0.1


WEATHER CONDITIONS
 THE FOLLOWING WEATHER WAS RECORDED YESTERDAY.
  HAZE


RELATIVE HUMIDITY (PERCENT)
 HIGHEST    59           300 AM
 LOWEST     18          1200 PM
 AVERAGE    39

..........................................................


THE ABILENE CLIMATE NORMALS FOR TODAY
                         NORMAL    RECORD    YEAR
 MAXIMUM TEMPERATURE (F)   78        98      2011
                                             2000
 MINIMUM TEMPERATURE (F)   53        34      2013


SUNRISE AND SUNSET
APRIL 19 2018.........SUNRISE   705 AM CDT   SUNSET   811 PM CDT
APRIL 20 2018.........SUNRISE   704 AM CDT   SUNSET   812 PM CDT


-  INDICATES NEGATIVE NUMBERS.
R  INDICATES RECORD WAS SET OR TIED.
MM INDICATES DATA IS MISSING.
T  INDICATES TRACE AMOUNT.




$$
