614
CDUS44 KFWD 250652
CLIACT

CLIMATE REPORT
NATIONAL WEATHER SERVICE FORT WORTH TX
150 AM CDT FRI MAY 25 2018

...................................

...THE WACO CLIMATE SUMMARY FOR MAY 24 2018...

CLIMATE NORMAL PERIOD 1981 TO 2010
CLIMATE RECORD PERIOD 1901 TO 2018


WEATHER ITEM   OBSERVED TIME   RECORD YEAR NORMAL DEPARTURE LAST
                VALUE   (LST)  VALUE       VALUE  FROM      YEAR
                                                  NORMAL
..................................................................
TEMPERATURE (F)
 YESTERDAY
  MAXIMUM         91    455 PM  97    1996  87      4       85
  MINIMUM         68    527 AM  51    1940  66      2       53
  AVERAGE         80                        76      4       69

PRECIPITATION (IN)
  YESTERDAY        0.00          4.81 1908   0.14  -0.14     0.00
  MONTH TO DATE    2.94                      3.29  -0.35     2.47
  SINCE MAR 1      5.94                      9.13  -3.19    12.82
  SINCE JAN 1      8.37                     13.88  -5.51    18.98

DEGREE DAYS
 HEATING
  YESTERDAY        0                         0      0        0
  MONTH TO DATE    0                         4     -4        3
  SINCE MAR 1    285                       328    -43      159
  SINCE JUL 1   2088                      2140    -52     1335

 COOLING
  YESTERDAY       15                        12      3        4
  MONTH TO DATE  297                       210     87      181
  SINCE MAR 1    413                       355     58      412
  SINCE JAN 1    433                       364     69      470
..................................................................


WIND (MPH)
  HIGHEST WIND SPEED    17   HIGHEST WIND DIRECTION     S (170)
  HIGHEST GUST SPEED    22   HIGHEST GUST DIRECTION     S (170)
  AVERAGE WIND SPEED     6.5


SKY COVER
  POSSIBLE SUNSHINE  MM
  AVERAGE SKY COVER 0.2


WEATHER CONDITIONS
 THE FOLLOWING WEATHER WAS RECORDED YESTERDAY.
  FOG


RELATIVE HUMIDITY (PERCENT)
 HIGHEST    97           400 AM
 LOWEST     44           300 PM
 AVERAGE    71

..........................................................


THE WACO CLIMATE NORMALS FOR TODAY
                         NORMAL    RECORD    YEAR
 MAXIMUM TEMPERATURE (F)   87        98      2011
 MINIMUM TEMPERATURE (F)   66        53      1979


SUNRISE AND SUNSET
MAY 25 2018...........SUNRISE   627 AM CDT   SUNSET   825 PM CDT
MAY 26 2018...........SUNRISE   626 AM CDT   SUNSET   826 PM CDT


-  INDICATES NEGATIVE NUMBERS.
R  INDICATES RECORD WAS SET OR TIED.
MM INDICATES DATA IS MISSING.
T  INDICATES TRACE AMOUNT.

$$
