000
CDUS45 KBOU 230746
CLIAKO


CLIMATE REPORT
NATIONAL WEATHER SERVICE DENVER/BOULDER CO
142 AM MDT MON APR 23 2018


...................................

...THE AKRON CO CLIMATE SUMMARY FOR APRIL 22 2018...

CLIMATE NORMAL PERIOD 1981 TO 2010
CLIMATE RECORD PERIOD 9999 TO 9999


WEATHER ITEM   OBSERVED TIME   RECORD YEAR NORMAL DEPARTURE LAST
                VALUE   (LST)  VALUE       VALUE  FROM      YEAR
                                                  NORMAL
..................................................................
TEMPERATURE (F)
 YESTERDAY
  MAXIMUM         58    320 PM  86    1989  63     -5
  MINIMUM         29    538 AM  16    1951  35     -6
  AVERAGE         44                        49     -5

PRECIPITATION (IN)
  YESTERDAY        0.00          0.84 1971   0.06  -0.06     0.00
  MONTH TO DATE    0.74                      1.09  -0.35     1.24
  SINCE MAR 1      1.33                      1.96  -0.63     2.80
  SINCE JAN 1      2.44                      2.70  -0.26     2.91

SNOWFALL (IN)
  YESTERDAY        0.0
  SNOW DEPTH       0

DEGREE DAYS
 HEATING
  YESTERDAY       21
  MONTH TO DATE  451

 COOLING
  YESTERDAY        0
  MONTH TO DATE    0
..................................................................


WIND (MPH)
  HIGHEST WIND SPEED    16   HIGHEST WIND DIRECTION    SE (120)
  HIGHEST GUST SPEED    21   HIGHEST GUST DIRECTION     E (110)




RELATIVE HUMIDITY (PERCENT)
 HIGHEST   100
 LOWEST     47
 AVERAGE    74

..........................................................


THE AKRON CO CLIMATE NORMALS FOR TODAY
                         NORMAL    RECORD    YEAR
 MAXIMUM TEMPERATURE (F)   63        85      1954
 MINIMUM TEMPERATURE (F)   36        19      2013


SUNRISE AND SUNSET
APRIL 23 2018.........SUNRISE   603 AM MDT   SUNSET   740 PM MDT
APRIL 24 2018.........SUNRISE   602 AM MDT   SUNSET   741 PM MDT


-  INDICATES NEGATIVE NUMBERS.
R  INDICATES RECORD WAS SET OR TIED.
MM INDICATES DATA IS MISSING.
T  INDICATES TRACE AMOUNT.




$$
