000
CDUS43 KDMX 250630 RRA
CLIALO

CLIMATE REPORT
NATIONAL WEATHER SERVICE DES MOINES IA
129 AM CDT FRI MAY 25 2018

...................................

...THE WATERLOO IA CLIMATE SUMMARY FOR MAY 24 2018...

CLIMATE NORMAL PERIOD 1981 TO 2010
CLIMATE RECORD PERIOD 1895 TO 2018


WEATHER ITEM   OBSERVED TIME   RECORD YEAR NORMAL DEPARTURE LAST
                VALUE   (LST)  VALUE       VALUE  FROM      YEAR
                                                  NORMAL
..................................................................
TEMPERATURE (F)
 YESTERDAY
  MAXIMUM         87    445 PM  94    1926  75     12       62
  MINIMUM         65    458 AM  34    1924  52     13       43
  AVERAGE         76                        63     13       53

PRECIPITATION (IN)
  YESTERDAY        0.00          1.54 1907   0.15  -0.15     0.02
  MONTH TO DATE    2.19                      3.46  -1.27     3.44
  SINCE MAR 1      5.59                      9.23  -3.64     9.01
  SINCE JAN 1     10.07                     11.05  -0.98    12.94

SNOWFALL (IN)
  YESTERDAY        0.0          MM      MM   0.0    0.0      0.0
  MONTH TO DATE    0.0                       0.0    0.0      0.0
  SINCE MAR 1     23.5                       6.4   17.1     10.6
  SINCE JUL 1     45.6                      35.3   10.3     26.2
  SNOW DEPTH       0

DEGREE DAYS
 HEATING
  YESTERDAY        0                         4     -4       12
  MONTH TO DATE   82                       165    -83      214
  SINCE MAR 1   1885                      1562    323     1543
  SINCE JUL 1   7328                      6981    347     6005

 COOLING
  YESTERDAY       11                         2      9        0
  MONTH TO DATE   38                        32      6       30
  SINCE MAR 1     39                        40     -1       36
  SINCE JAN 1     39                        40     -1       36
..................................................................

WIND (MPH)
  HIGHEST WIND SPEED    23   HIGHEST WIND DIRECTION     S (170)
  HIGHEST GUST SPEED    30   HIGHEST GUST DIRECTION     S (170)
  AVERAGE WIND SPEED    10.4

SKY COVER
  POSSIBLE SUNSHINE  MM
  AVERAGE SKY COVER 0.1

WEATHER CONDITIONS
 THE FOLLOWING WEATHER WAS RECORDED YESTERDAY.
  NO SIGNIFICANT WEATHER WAS OBSERVED.

RELATIVE HUMIDITY (PERCENT)
 HIGHEST    93           300 AM
 LOWEST     43           400 PM
 AVERAGE    68

..........................................................

THE WATERLOO IA CLIMATE NORMALS FOR TODAY
                         NORMAL    RECORD    YEAR
 MAXIMUM TEMPERATURE (F)   75        92      1967
 MINIMUM TEMPERATURE (F)   52        29      1925


SUNRISE AND SUNSET
MAY 25 2018...........SUNRISE   539 AM CDT   SUNSET   835 PM CDT
MAY 26 2018...........SUNRISE   538 AM CDT   SUNSET   836 PM CDT


-  INDICATES NEGATIVE NUMBERS.
R  INDICATES RECORD WAS SET OR TIED.
MM INDICATES DATA IS MISSING.
T  INDICATES TRACE AMOUNT.

$$

ANSORGE
