446
CDUS41 KBUF 261015
CLIART


CLIMATE REPORT
NATIONAL WEATHER SERVICE BUFFALO NY
614 AM EDT THU APR 26 2018


...................................

...THE WATERTOWN NY CLIMATE SUMMARY FOR APRIL 25 2018...

CLIMATE NORMAL PERIOD 1981 TO 2010
CLIMATE RECORD PERIOD 1949 TO 2018


WEATHER ITEM   OBSERVED TIME   RECORD YEAR NORMAL DEPARTURE LAST
                VALUE   (LST)  VALUE       VALUE  FROM      YEAR
                                                  NORMAL
..................................................................
TEMPERATURE (F)
 YESTERDAY
  MAXIMUM         57    342 PM  79    2009  59     -2       57
  MINIMUM         43   1159 PM  18    1972  37      6       37
  AVERAGE         50                        48      2       47

PRECIPITATION (IN)
  YESTERDAY        0.22          0.74 1976   0.09   0.13     0.17
  MONTH TO DATE    2.76                      2.41   0.35     3.68
  SINCE MAR 1      4.36                      4.71  -0.35     6.03
  SINCE JAN 1      8.38                      9.59  -1.21     9.66

DEGREE DAYS
 HEATING
  YESTERDAY       15                        17     -2       18
  MONTH TO DATE  717                       554    163      472
  SINCE MAR 1   1807                      1620    187     1646
  SINCE JUL 1   7017                      7061    -44     6257

 COOLING
  YESTERDAY        0                         0      0        0
  MONTH TO DATE    0                         0      0        4
  SINCE MAR 1      0                         0      0        4
  SINCE JAN 1      0                         0      0        4
..................................................................


WIND (MPH)
  HIGHEST WIND SPEED    12   HIGHEST WIND DIRECTION    SW (220)
  HIGHEST GUST SPEED    16   HIGHEST GUST DIRECTION    SW (230)
  AVERAGE WIND SPEED     4.4


SKY COVER
  AVERAGE SKY COVER 1.0


WEATHER CONDITIONS
 THE FOLLOWING WEATHER WAS RECORDED YESTERDAY.
  RAIN
  LIGHT RAIN
  FOG
  FOG W/VISIBILITY <= 1/4 MILE


RELATIVE HUMIDITY (PERCENT)
 HIGHEST   100           600 AM
 LOWEST     59          1200 AM
 AVERAGE    80

..........................................................


THE WATERTOWN NY CLIMATE NORMALS FOR TODAY
                         NORMAL    RECORD    YEAR
 MAXIMUM TEMPERATURE (F)   59        82      2008
 MINIMUM TEMPERATURE (F)   37        26      2015
                                             2012
                                             2001


SUNRISE AND SUNSET
APRIL 26 2018.........SUNRISE   603 AM EDT   SUNSET   801 PM EDT
APRIL 27 2018.........SUNRISE   602 AM EDT   SUNSET   803 PM EDT


-  INDICATES NEGATIVE NUMBERS.
R  INDICATES RECORD WAS SET OR TIED.
MM INDICATES DATA IS MISSING.
T  INDICATES TRACE AMOUNT.




$$
