000
CDUS44 KEWX 272241
CLIAUS


CLIMATE REPORT
NATIONAL WEATHER SERVICE AUSTIN/SAN ANTONIO, TX
541 PM CDT SUN MAY 27 2018


...................................

...THE AUSTIN BERGSTROM CLIMATE SUMMARY FOR MAY 27 2018...
VALID TODAY AS OF 0500 PM LOCAL TIME.

CLIMATE NORMAL PERIOD 1981 TO 2010
CLIMATE RECORD PERIOD 1943 TO 2018


WEATHER ITEM   OBSERVED TIME   RECORD YEAR NORMAL DEPARTURE LAST
                VALUE   (LST)  VALUE       VALUE  FROM      YEAR
                                                  NORMAL
..................................................................
TEMPERATURE (F)
 TODAY
  MAXIMUM         97    337 PM 100    2011  89      8       98
  MINIMUM         71    550 AM  59    1950  67      4       77
  AVERAGE         84                        78      6       88

PRECIPITATION (IN)
  TODAY            0.00          1.78 2014   0.14  -0.14      T
  MONTH TO DATE    3.23                      3.51  -0.28     1.90
  SINCE MAR 1     10.41                      8.56   1.85     6.38
  SINCE JAN 1     11.73                     13.07  -1.34    13.69

SNOWFALL (IN)
  TODAY            0.0
  MONTH TO DATE    0.0
  SINCE MAR 1      0.0
  SINCE JUL 1      1.3
  SNOW DEPTH       0

DEGREE DAYS
 HEATING
  TODAY            0                         0      0        0
  MONTH TO DATE    0                         0      0        0
  SINCE MAR 1    179                       285   -106       86
  SINCE JUL 1   1705                      1900   -195      960

 COOLING
  TODAY           19                        13      6       23
  MONTH TO DATE  374                       267    107      278
  SINCE MAR 1    558                       439    119      621
  SINCE JAN 1    600                       455    145      730
..................................................................


WIND (MPH)
  HIGHEST WIND SPEED    14   HIGHEST WIND DIRECTION     E (90)
  HIGHEST GUST SPEED    16   HIGHEST GUST DIRECTION     S (190)
  AVERAGE WIND SPEED     6.2


SKY COVER
  AVERAGE SKY COVER 0.3


WEATHER CONDITIONS
 THE FOLLOWING WEATHER WAS RECORDED TODAY.
  NO SIGNIFICANT WEATHER WAS OBSERVED.


RELATIVE HUMIDITY (PERCENT)
 HIGHEST    93           600 AM
 LOWEST     40           300 PM
 AVERAGE    67

..........................................................


THE AUSTIN BERGSTROM CLIMATE NORMALS FOR TOMORROW
                         NORMAL    RECORD    YEAR
 MAXIMUM TEMPERATURE (F)   89       100      2011
 MINIMUM TEMPERATURE (F)   67        56      2003


SUNRISE AND SUNSET
MAY 27 2018...........SUNRISE   631 AM CDT   SUNSET   825 PM CDT
MAY 28 2018...........SUNRISE   631 AM CDT   SUNSET   826 PM CDT


-  INDICATES NEGATIVE NUMBERS.
R  INDICATES RECORD WAS SET OR TIED.
MM INDICATES DATA IS MISSING.
T  INDICATES TRACE AMOUNT.




$$
