000
CDUS43 KGRB 242156
CLIAUW


CLIMATE REPORT
NATIONAL WEATHER SERVICE GREEN BAY
455 PM CDT THU MAY 24 2018


...................................

...THE WAUSAU WI CLIMATE SUMMARY FOR MAY 24 2018...
VALID TODAY AS OF 0400 PM LOCAL TIME.

CLIMATE NORMAL PERIOD 1981 TO 2010
CLIMATE RECORD PERIOD 1896 TO 2018


WEATHER ITEM   OBSERVED TIME   RECORD YEAR NORMAL DEPARTURE LAST
                VALUE   (LST)  VALUE       VALUE  FROM      YEAR
                                                  NORMAL
..................................................................
TEMPERATURE (F)
 TODAY
  MAXIMUM         87    259 PM  92    2010  69     18       56
  MINIMUM         59    400 AM  32    1992  47     12       47
                                      1948
  AVERAGE         73                        58     15       52

PRECIPITATION (IN)
  TODAY            0.00          1.68 1952   0.12  -0.12     0.14
  MONTH TO DATE    2.09                      2.61  -0.52     3.44
  SINCE MAR 1      6.95                      7.10  -0.15    11.41
  SINCE JAN 1      9.42                      9.04   0.38    15.35

SNOWFALL (IN)
  TODAY            0.0           T    1924   0.0    0.0      0.0
  MONTH TO DATE    0.0                       0.2   -0.2      0.0
  SINCE MAR 1     46.7                      14.3   32.4      6.7
  SINCE JUL 1     89.2                      59.6   29.6     60.5
  SNOW DEPTH       0

DEGREE DAYS
 HEATING
  TODAY            0                         8     -8       13
  MONTH TO DATE  131                       262   -131      308
  SINCE MAR 1   2205                      1978    227     1953
  SINCE JUL 1   8293                      8114    179     7179

 COOLING
  TODAY            8                         1      7        0
  MONTH TO DATE   14                         7      7        1
  SINCE JAN 1     14                         9      5        1
..................................................................


WIND (MPH)
  HIGHEST WIND SPEED    15   HIGHEST WIND DIRECTION     S (180)
  HIGHEST GUST SPEED    20   HIGHEST GUST DIRECTION     S (200)
  AVERAGE WIND SPEED     8.3


SKY COVER
  POSSIBLE SUNSHINE  MM
  AVERAGE SKY COVER 0.3


WEATHER CONDITIONS
 THE FOLLOWING WEATHER WAS RECORDED TODAY.
  NO SIGNIFICANT WEATHER WAS OBSERVED.


RELATIVE HUMIDITY (PERCENT)
 HIGHEST    97           200 AM
 LOWEST     40           300 PM
 AVERAGE    69

..........................................................


THE WAUSAU WI CLIMATE NORMALS FOR TOMORROW
                         NORMAL    RECORD    YEAR
 MAXIMUM TEMPERATURE (F)   70        88      1972
 MINIMUM TEMPERATURE (F)   47        30      1913
                                             1897


SUNRISE AND SUNSET
MAY 24 2018...........SUNRISE   521 AM CDT   SUNSET   830 PM CDT
MAY 25 2018...........SUNRISE   520 AM CDT   SUNSET   831 PM CDT


-  INDICATES NEGATIVE NUMBERS.
R  INDICATES RECORD WAS SET OR TIED.
MM INDICATES DATA IS MISSING.
T  INDICATES TRACE AMOUNT.




$$
