000
CDUS41 KBGM 230219
CLIAVP


CLIMATE REPORT
NATIONAL WEATHER SERVICE BINGHAMTON NY
1017 PM EDT SUN APR 22 2018


...................................

...THE AVOCA PA CLIMATE SUMMARY FOR APRIL 22 2018...
VALID AS OF 1000 PM LOCAL TIME.

CLIMATE NORMAL PERIOD 1981 TO 2010
CLIMATE RECORD PERIOD 1901 TO 2018


WEATHER ITEM   OBSERVED TIME   RECORD YEAR NORMAL DEPARTURE LAST
                VALUE   (LST)  VALUE       VALUE  FROM      YEAR
                                                  NORMAL
..................................................................
TEMPERATURE (F)
 TODAY
  MAXIMUM         64    450 PM  87    1902  62      2       55
  MINIMUM         30    526 AM  25    1904  41    -11       40
  AVERAGE         47                        51     -4       48

PRECIPITATION (IN)
  TODAY            0.00          1.27 2012   0.11  -0.11      T
  MONTH TO DATE    2.20                      2.43  -0.23     2.90
  SINCE MAR 1      5.02                      4.98   0.04     8.35
  SINCE JAN 1     12.03                      9.38   2.65    14.58

SNOWFALL (IN)
  TODAY            0.0           2.4  1986   0.0    0.0      0.0
  MONTH TO DATE    4.7                       2.6    2.1      0.1
  SINCE MAR 1     24.6                      11.6   13.0     30.7
  SINCE JUL 1     51.7                      45.5    6.2     55.5

DEGREE DAYS
 HEATING
  TODAY           18                        14      4       17
  MONTH TO DATE  488                       396     92      250
  SINCE MAR 1   1433                      1267    166     1185
  SINCE JUL 1   5624                      5873   -249     4940

 COOLING
  TODAY            0                         0      0        0
  MONTH TO DATE    4                         0      4       10
  SINCE MAR 1      4                         0      4       10
  SINCE JAN 1      4                         0      4       10
..................................................................


WIND (MPH)
  HIGHEST WIND SPEED    16   HIGHEST WIND DIRECTION     N (340)
  HIGHEST GUST SPEED    20   HIGHEST GUST DIRECTION    NW (320)
  AVERAGE WIND SPEED     4.8


SKY COVER
  AVERAGE SKY COVER 0.0


WEATHER CONDITIONS
 THE FOLLOWING WEATHER WAS RECORDED TODAY.
  NO SIGNIFICANT WEATHER WAS OBSERVED.


RELATIVE HUMIDITY (PERCENT)
 HIGHEST    64          1200 AM
 LOWEST     16           600 PM
 AVERAGE    40

..........................................................


THE AVOCA PA CLIMATE NORMALS FOR TOMORROW
                         NORMAL    RECORD    YEAR
 MAXIMUM TEMPERATURE (F)   62        86      2001
 MINIMUM TEMPERATURE (F)   41        24      1930


SUNRISE AND SUNSET
APRIL 22 2018.........SUNRISE   613 AM EDT   SUNSET   751 PM EDT
APRIL 23 2018.........SUNRISE   611 AM EDT   SUNSET   752 PM EDT


-  INDICATES NEGATIVE NUMBERS.
R  INDICATES RECORD WAS SET OR TIED.
MM INDICATES DATA IS MISSING.
T  INDICATES TRACE AMOUNT.




$$
