000
CDUS41 KCTP 222120
CLIBFD


CLIMATE REPORT
NATIONAL WEATHER SERVICE STATE COLLEGE PA
519 PM EDT TUE MAY 22 2018


...................................

...THE BRADFORD CLIMATE SUMMARY FOR MAY 22 2018...
VALID TODAY AS OF 0500 PM LOCAL TIME.

CLIMATE NORMAL PERIOD 1981 TO 2010
CLIMATE RECORD PERIOD 1957 TO 2018


WEATHER ITEM   OBSERVED TIME   RECORD YEAR NORMAL DEPARTURE LAST
                VALUE   (LST)  VALUE       VALUE  FROM      YEAR
                                                  NORMAL
..................................................................
TEMPERATURE (F)
 TODAY
  MAXIMUM         71    343 PM  84    2013  67      4       67
  MINIMUM         55    340 AM  24    2002  42     13       41
  AVERAGE         63                        55      8       54

PRECIPITATION (IN)
  TODAY            0.42          1.32 1982   0.15   0.27     0.21
  MONTH TO DATE    4.11                      2.89   1.22     3.46
  SINCE MAR 1      9.66                      9.81  -0.15    12.01
  SINCE JAN 1     16.67                     15.45   1.22    19.09

DEGREE DAYS
 HEATING
  TODAY            2                         6     -4       11
  MONTH TO DATE  120                       194    -74      300
  SINCE MAR 1   2049                      1875    174     1785
  SINCE JUL 1   7145                      7445   -300     6368

 COOLING
  TODAY            0                         0      0        0
  MONTH TO DATE   20                         0     20       18
  SINCE MAR 1     20                         2     18       19
  SINCE JAN 1     20                         2     18       19
..................................................................


WIND (MPH)
  HIGHEST WIND SPEED    10   HIGHEST WIND DIRECTION     W (260)
  HIGHEST GUST SPEED    16   HIGHEST GUST DIRECTION    SW (230)
  AVERAGE WIND SPEED     4.5


SKY COVER
  POSSIBLE SUNSHINE  MM
  AVERAGE SKY COVER 0.9


WEATHER CONDITIONS
 THE FOLLOWING WEATHER WAS RECORDED TODAY.
  THUNDERSTORM
  RAIN
  LIGHT RAIN
  FOG


RELATIVE HUMIDITY (PERCENT)
 HIGHEST   100           300 AM
 LOWEST     78           400 PM
 AVERAGE    89

..........................................................


THE BRADFORD CLIMATE NORMALS FOR TOMORROW
                         NORMAL    RECORD    YEAR
 MAXIMUM TEMPERATURE (F)   68        84      1991
 MINIMUM TEMPERATURE (F)   43        24      2015


SUNRISE AND SUNSET
MAY 22 2018...........SUNRISE   548 AM EDT   SUNSET   835 PM EDT
MAY 23 2018...........SUNRISE   548 AM EDT   SUNSET   835 PM EDT


-  INDICATES NEGATIVE NUMBERS.
R  INDICATES RECORD WAS SET OR TIED.
MM INDICATES DATA IS MISSING.
T  INDICATES TRACE AMOUNT.




$$
