000
CDUS44 KAMA 211411
CLIBGD


CLIMATE REPORT
NATIONAL WEATHER SERVICE AMARILLO TX
910 AM CDT MON MAY 21 2018


...................................

...THE BORGER CLIMATE SUMMARY FOR MAY 21 2018...
VALID AS OF 0900 AM LOCAL TIME.

CLIMATE NORMAL PERIOD 1981 TO 2010
CLIMATE RECORD PERIOD 1949 TO 2018


WEATHER ITEM   OBSERVED TIME   RECORD YEAR NORMAL DEPARTURE LAST
                VALUE   (LST)  VALUE       VALUE  FROM      YEAR
                                                  NORMAL
..................................................................
TEMPERATURE (F)
 TODAY
  MINIMUM         57    519 AM  43    2001  57      0       44

PRECIPITATION (IN)
  TODAY            0.00          1.52 1992   0.11  -0.11      T
  MONTH TO DATE    0.95                      1.62  -0.67     0.72
  SINCE MAR 1      2.02                      4.57  -2.55     7.23
  SINCE JAN 1      2.03                      5.78  -3.75    10.71

SNOWFALL (IN)
  TODAY            0.0           0.0  2013                   0.0
                                      2012
                                      2011
  MONTH TO DATE    0.0                                       0.0
  SINCE MAR 1      0.0                                       1.1
  SINCE JUL 1      2.0                                       4.7
  SNOW DEPTH       0

..................................................................


WIND (MPH)
  RESULTANT WIND SPEED   2   RESULTANT WIND DIRECTION   S (190)
  HIGHEST WIND SPEED    10   HIGHEST WIND DIRECTION     S (190)
  HIGHEST GUST SPEED    13   HIGHEST GUST DIRECTION     S (180)
  AVERAGE WIND SPEED     2.6


SKY COVER
  AVERAGE SKY COVER 0.0


WEATHER CONDITIONS
 THE FOLLOWING WEATHER WAS RECORDED TODAY.
  NO SIGNIFICANT WEATHER WAS OBSERVED.


RELATIVE HUMIDITY (PERCENT)
 HIGHEST    86           300 AM
 LOWEST     72          1200 AM
 AVERAGE    79

..........................................................


THE BORGER CLIMATE NORMALS FOR TOMORROW
                         NORMAL    RECORD    YEAR
 MAXIMUM TEMPERATURE (F)   83       100      1996
 MINIMUM TEMPERATURE (F)   57        39      1967


SUNRISE AND SUNSET
MAY 21 2018...........SUNRISE   636 AM CDT   SUNSET   849 PM CDT
MAY 22 2018...........SUNRISE   636 AM CDT   SUNSET   849 PM CDT


-  INDICATES NEGATIVE NUMBERS.
R  INDICATES RECORD WAS SET OR TIED.
MM INDICATES DATA IS MISSING.
T  INDICATES TRACE AMOUNT.




$$
