000
CDUS41 KCAR 201202
CLIBGR


CLIMATE REPORT
NATIONAL WEATHER SERVICE CARIBOU, ME
751 AM EDT FRI APR 20 2018


...................................

...THE BANGOR ME CLIMATE SUMMARY FOR APRIL 19 2018...

CLIMATE NORMAL PERIOD 1981 TO 2010
CLIMATE RECORD PERIOD 1925 TO 2018


WEATHER ITEM   OBSERVED TIME   RECORD YEAR NORMAL DEPARTURE LAST
                VALUE   (LST)  VALUE       VALUE  FROM      YEAR
                                                  NORMAL
..................................................................
TEMPERATURE (F)
 YESTERDAY
  MAXIMUM         49    211 PM  85    1927  55     -6       45
  MINIMUM         38   1159 PM  18    1926  34      4       33
  AVERAGE         44                        44      0       39

PRECIPITATION (IN)
  YESTERDAY        0.01          1.34 1969   0.12  -0.11     0.29
  MONTH TO DATE    2.42                      2.33   0.09     2.40
  SINCE MAR 1      4.60                      5.71  -1.11     4.47
  SINCE JAN 1     13.12                     11.12   2.00    10.36

SNOWFALL (IN)
  YESTERDAY        0.0           1.7  1969   0.1             0.4
  MONTH TO DATE    2.3                       3.3             2.3
  SINCE MAR 1     35.3                      15.0            19.3
  SINCE JUL 1    111.3                      65.7            82.6
  SNOW DEPTH       0

DEGREE DAYS
 HEATING
  YESTERDAY       21                        21      0       26
  MONTH TO DATE  547                       470     77      390
  SINCE MAR 1   1585                      1547     38     1604
  SINCE JUL 1   6803                      7193   -390     6732

 COOLING
  YESTERDAY        0                         0      0        0
  MONTH TO DATE    0                         0      0        0
  SINCE MAR 1      0                         0      0        0
  SINCE JAN 1      0                         0      0        0
..................................................................


WIND (MPH)
  RESULTANT WIND SPEED   3   RESULTANT WIND DIRECTION   W (250)
  HIGHEST WIND SPEED    13   HIGHEST WIND DIRECTION    NW (320)
  HIGHEST GUST SPEED    16   HIGHEST GUST DIRECTION    NW (300)


SKY COVER
  POSSIBLE SUNSHINE  MM
  AVERAGE SKY COVER 1.0


WEATHER CONDITIONS
 THE FOLLOWING WEATHER WAS RECORDED YESTERDAY.
  LIGHT RAIN


RELATIVE HUMIDITY (PERCENT)
 HIGHEST    79
 LOWEST     46
 AVERAGE    63

..........................................................


THE BANGOR ME CLIMATE NORMALS FOR TODAY
                         NORMAL    RECORD    YEAR
 MAXIMUM TEMPERATURE (F)   55        89      1927
 MINIMUM TEMPERATURE (F)   34        21      1947
                                             1926


SUNRISE AND SUNSET
APRIL 20 2018.........SUNRISE   542 AM EDT   SUNSET   727 PM EDT
APRIL 21 2018.........SUNRISE   541 AM EDT   SUNSET   728 PM EDT


-  INDICATES NEGATIVE NUMBERS.
R  INDICATES RECORD WAS SET OR TIED.
MM INDICATES DATA IS MISSING.
T  INDICATES TRACE AMOUNT.




$$
