000
CDUS46 KBOI 220931
CLIBKE


CLIMATE REPORT
NATIONAL WEATHER SERVICE BOISE ID
331 AM MDT SUN APR 22 2018


...................................

...THE BAKER OR CLIMATE SUMMARY FOR APRIL 21 2018...

CLIMATE NORMAL PERIOD 1981 TO 2010
CLIMATE RECORD PERIOD 1928 TO 2018


WEATHER ITEM   OBSERVED TIME   RECORD YEAR NORMAL DEPARTURE LAST
                VALUE   (LST)  VALUE       VALUE  FROM      YEAR
                                                  NORMAL
..................................................................
TEMPERATURE (F)
 YESTERDAY
  MAXIMUM         61    311 PM  84    2009  59      2       57
  MINIMUM         34   1123 PM  18    1951  30      4       21
  AVERAGE         48                        44      4       39

PRECIPITATION (IN)
  YESTERDAY        0.00          0.42 2004   0.03  -0.03     0.00
  MONTH TO DATE    0.61                      0.55   0.06     0.47
  SINCE OCT 1      3.97                      5.26  -1.29     5.81
  SINCE JAN 1      2.71                      2.75  -0.04     3.07

DEGREE DAYS
 HEATING
  YESTERDAY       17                        21     -4       26
  MONTH TO DATE  415                       472    -57      498
  SINCE MAR 1   1196                      1320   -124     1230
  SINCE JUL 1   5955                      6840   -885     7058

 COOLING
  YESTERDAY        0                         0      0        0
  MONTH TO DATE    0                         0      0        0
  SINCE MAR 1      0                         0      0        0
  SINCE JAN 1      0                         0      0        0
..................................................................


WIND (MPH)
  RESULTANT WIND SPEED  10   RESULTANT WIND DIRECTION  NW (320)
  HIGHEST WIND SPEED    25   HIGHEST WIND DIRECTION    NW (320)
  HIGHEST GUST SPEED    31   HIGHEST GUST DIRECTION    NW (320)
  AVERAGE WIND SPEED    10.9


SKY COVER
  AVERAGE SKY COVER 0.2


WEATHER CONDITIONS
 THE FOLLOWING WEATHER WAS RECORDED YESTERDAY.
  NO SIGNIFICANT WEATHER WAS OBSERVED.


RELATIVE HUMIDITY (PERCENT)
 HIGHEST    76           300 AM
 LOWEST     28           500 PM
 AVERAGE    52

..........................................................


THE BAKER OR CLIMATE NORMALS FOR TODAY
                         NORMAL    RECORD    YEAR
 MAXIMUM TEMPERATURE (F)   59        84      1934
 MINIMUM TEMPERATURE (F)   30        18      1968


SUNRISE AND SUNSET
APRIL 22 2018.........SUNRISE   555 AM PDT   SUNSET   745 PM PDT
APRIL 23 2018.........SUNRISE   553 AM PDT   SUNSET   747 PM PDT


-  INDICATES NEGATIVE NUMBERS.
R  INDICATES RECORD WAS SET OR TIED.
MM INDICATES DATA IS MISSING.
T  INDICATES TRACE AMOUNT.




$$
