000
CDUS41 KRNK 230734
CLIBLF


CLIMATE REPORT
NATIONAL WEATHER SERVICE BLACKSBURG VA
333 AM EDT WED MAY 23 2018


...................................

...THE BLUEFIELD WV CLIMATE SUMMARY FOR MAY 22 2018...

CLIMATE NORMAL PERIOD 1981 TO 2010
CLIMATE RECORD PERIOD 1959 TO 2018


WEATHER ITEM   OBSERVED TIME   RECORD YEAR NORMAL DEPARTURE LAST
                VALUE   (LST)  VALUE       VALUE  FROM      YEAR
                                                  NORMAL
..................................................................
TEMPERATURE (F)
 YESTERDAY
  MAXIMUM         75    127 PM  85    2013  73      2       67
  MINIMUM         60   1126 PM  30    2002  55      5       52
  AVERAGE         68                        64      4       60

PRECIPITATION (IN)
  YESTERDAY        0.11          0.83 1990   0.14  -0.03     0.01
  MONTH TO DATE    4.42                      2.96   1.46     4.41
  SINCE MAR 1     12.50                      9.81   2.69    12.62
  SINCE JAN 1     19.18                     15.47   3.71    18.43

SNOWFALL (IN)
  YESTERDAY        0.0                                       0.0
  MONTH TO DATE    0.0                                       0.0
  SINCE MAR 1     33.8                                       3.3
  SINCE JUL 1     48.5                                      20.5
  SNOW DEPTH      MM

DEGREE DAYS
 HEATING
  YESTERDAY        0                         4     -4        5
  MONTH TO DATE   38                       112    -74      149
  SINCE MAR 1   1391                      1049    342     1091
  SINCE JUL 1   5121                      4542    579     4223

 COOLING
  YESTERDAY        3                         2      1        0
  MONTH TO DATE   56                        35     21       28
  SINCE MAR 1     60                        63     -3       50
  SINCE JAN 1     62                        63     -1       50
..................................................................


WIND (MPH)
  HIGHEST WIND SPEED    14   HIGHEST WIND DIRECTION     W (250)
  HIGHEST GUST SPEED    17   HIGHEST GUST DIRECTION     W (250)
  AVERAGE WIND SPEED     5.4


SKY COVER
  AVERAGE SKY COVER 0.7


WEATHER CONDITIONS
 THE FOLLOWING WEATHER WAS RECORDED YESTERDAY.
  THUNDERSTORM
  HEAVY RAIN
  RAIN
  LIGHT RAIN
  FOG


RELATIVE HUMIDITY (PERCENT)
 HIGHEST   100           800 PM
 LOWEST     64           100 PM
 AVERAGE    82

..........................................................


THE BLUEFIELD WV CLIMATE NORMALS FOR TODAY
                         NORMAL    RECORD    YEAR
 MAXIMUM TEMPERATURE (F)   73        83      2004
                                             1988
 MINIMUM TEMPERATURE (F)   55        35      1963


SUNRISE AND SUNSET
MAY 23 2018...........SUNRISE   610 AM EDT   SUNSET   833 PM EDT
MAY 24 2018...........SUNRISE   610 AM EDT   SUNSET   834 PM EDT


-  INDICATES NEGATIVE NUMBERS.
R  INDICATES RECORD WAS SET OR TIED.
MM INDICATES DATA IS MISSING.
T  INDICATES TRACE AMOUNT.




$$
