000
CDUS46 KSEW 270119
CLIBLI


CLIMATE REPORT
NATIONAL WEATHER SERVICE SEATTLE WA
619 PM PDT THU APR 26 2018


...................................

...THE BELLINGHAM WA AIRPORT CLIMATE SUMMARY FOR APRIL 26 2018...
VALID TODAY AS OF 0500 PM LOCAL TIME.

CLIMATE NORMAL PERIOD 1981 TO 2010
CLIMATE RECORD PERIOD 1949 TO 2018


WEATHER ITEM   OBSERVED TIME   RECORD YEAR NORMAL DEPARTURE LAST
                VALUE   (LST)  VALUE       VALUE  FROM      YEAR
                                                  NORMAL
..................................................................
TEMPERATURE (F)
 TODAY
  MAXIMUM         75R   316 PM  74    1987  59     16       58
  MINIMUM         42    457 AM  31    1969  41      1       49
  AVERAGE         59                        50      9       54

PRECIPITATION (IN)
  TODAY            0.00          0.39 1985   0.08  -0.08      T
  MONTH TO DATE    3.05                      2.38   0.67     2.69
  SINCE OCT 1     33.14                     26.99   6.15    33.67
  SINCE JAN 1     15.52                     13.29   2.23    14.55

DEGREE DAYS
 HEATING
  TODAY            6                        15     -9       11
  MONTH TO DATE  413                       438    -25      365
  SINCE MAR 1   1076                      1081     -5      971

 COOLING
  TODAY            0                         0      0        0
  MONTH TO DATE    0                         0      0        0
  SINCE MAR 1      0                         0      0        0
  SINCE JAN 1      0                         0      0        0
..................................................................


WIND (MPH)
  RESULTANT WIND SPEED   2   RESULTANT WIND DIRECTION   N (350)
  HIGHEST WIND SPEED    13   HIGHEST WIND DIRECTION     N (10)
  HIGHEST GUST SPEED    15   HIGHEST GUST DIRECTION     N (20)
  AVERAGE WIND SPEED     3.6


SKY COVER
  AVERAGE SKY COVER 0.0


WEATHER CONDITIONS
 THE FOLLOWING WEATHER WAS RECORDED TODAY.
  NO SIGNIFICANT WEATHER WAS OBSERVED.


RELATIVE HUMIDITY (PERCENT)
 HIGHEST    96           300 AM
 LOWEST     35          1100 AM
 AVERAGE    66

..........................................................


THE BELLINGHAM WA AIRPORT CLIMATE NORMALS FOR TOMORROW
                         NORMAL    RECORD    YEAR
 MAXIMUM TEMPERATURE (F)   59        77      1987
 MINIMUM TEMPERATURE (F)   42        29      1954


SUNRISE AND SUNSET
APRIL 26 2018.........SUNRISE   558 AM PDT   SUNSET   818 PM PDT
APRIL 27 2018.........SUNRISE   557 AM PDT   SUNSET   820 PM PDT


-  INDICATES NEGATIVE NUMBERS.
R  INDICATES RECORD WAS SET OR TIED.
MM INDICATES DATA IS MISSING.
T  INDICATES TRACE AMOUNT.




$$
