000
CDUS45 KBOI 200933
CLIBNO


CLIMATE REPORT
NATIONAL WEATHER SERVICE BOISE ID
333 AM MDT FRI APR 20 2018


...................................

...THE BURNS OR CLIMATE SUMMARY FOR APRIL 19 2018...

CLIMATE NORMAL PERIOD 1981 TO 2010
CLIMATE RECORD PERIOD 1938 TO 2018


WEATHER ITEM   OBSERVED TIME   RECORD YEAR NORMAL DEPARTURE LAST
                VALUE   (LST)  VALUE       VALUE  FROM      YEAR
                                                  NORMAL
..................................................................
TEMPERATURE (F)
 YESTERDAY
  MAXIMUM         61    215 PM  77    2016  58      3       61
  MINIMUM         33    128 AM  14    1955  29      4       26
  AVERAGE         47                        44      3       44

PRECIPITATION (IN)
  YESTERDAY        T             0.46 1981   0.03  -0.03     0.00
  MONTH TO DATE    0.53                      0.59  -0.06     0.71
  SINCE OCT 1      5.93                      7.39  -1.46    10.92
  SINCE JAN 1      3.27                      3.89  -0.62     7.41

DEGREE DAYS
 HEATING
  YESTERDAY       18                        21     -3       21
  MONTH TO DATE  441                       437      4      445
  SINCE MAR 1   1319                      1294     25     1240
  SINCE JUL 1   6592                      6822   -230     7114

 COOLING
  YESTERDAY        0                         0      0        0
  MONTH TO DATE    0                         0      0        0
  SINCE MAR 1      0                         0      0        0
  SINCE JAN 1      0                         0      0        0
..................................................................


WIND (MPH)
  HIGHEST WIND SPEED    22   HIGHEST WIND DIRECTION    NW (310)
  HIGHEST GUST SPEED    29   HIGHEST GUST DIRECTION    NW (310)
  AVERAGE WIND SPEED    11.6


SKY COVER
  POSSIBLE SUNSHINE  MM
  AVERAGE SKY COVER 0.6


WEATHER CONDITIONS
 THE FOLLOWING WEATHER WAS RECORDED YESTERDAY.
  LIGHT RAIN


RELATIVE HUMIDITY (PERCENT)
 HIGHEST   100          1200 AM
 LOWEST     29           200 PM
 AVERAGE    65

..........................................................


THE BURNS OR CLIMATE NORMALS FOR TODAY
                         NORMAL    RECORD    YEAR
 MAXIMUM TEMPERATURE (F)   58        79      2009
                                             1994
 MINIMUM TEMPERATURE (F)   30        13      2008


SUNRISE AND SUNSET
APRIL 20 2018.........SUNRISE   605 AM PDT   SUNSET   745 PM PDT
APRIL 21 2018.........SUNRISE   603 AM PDT   SUNSET   746 PM PDT


-  INDICATES NEGATIVE NUMBERS.
R  INDICATES RECORD WAS SET OR TIED.
MM INDICATES DATA IS MISSING.
T  INDICATES TRACE AMOUNT.




$$
