000
CDUS45 KBOI 260122
CLIBOI


CLIMATE REPORT
NATIONAL WEATHER SERVICE BOISE ID
721 PM MDT WED APR 25 2018


...................................

...THE BOISE ID CLIMATE SUMMARY FOR APRIL 25 2018...
VALID TODAY AS OF 0600 PM LOCAL TIME.

CLIMATE NORMAL PERIOD 1981 TO 2010
CLIMATE RECORD PERIOD 1875 TO 2018


WEATHER ITEM   OBSERVED TIME   RECORD YEAR NORMAL DEPARTURE LAST
                VALUE   (LST)  VALUE       VALUE  FROM      YEAR
                                                  NORMAL
..................................................................
TEMPERATURE (F)
 TODAY
  MAXIMUM         76    503 PM  92    1946  65     11       58
  MINIMUM         45    601 AM  26    1961  41      4       41
                                      1921
  AVERAGE         61                        53      8       50

PRECIPITATION (IN)
  TODAY            0.00          0.51 1900   0.04  -0.04     0.03
  MONTH TO DATE    0.98                      1.02  -0.04     1.66
  SINCE OCT 1      8.18                      8.29  -0.11    12.20
  SINCE JAN 1      4.79                      4.64   0.15     8.70

DEGREE DAYS
 HEATING
  TODAY            4                        12     -8       15
  MONTH TO DATE  339                       372    -33      379
  SINCE MAR 1    979                      1008    -29      871
  SINCE JUL 1   4980                      5167   -187     5158

 COOLING
  TODAY            0                         0      0        0
  MONTH TO DATE    0                         0      0        0
  SINCE MAR 1      0                         0      0        0
  SINCE JAN 1      0                         0      0        0
..................................................................


WIND (MPH)
  HIGHEST WIND SPEED    14   HIGHEST WIND DIRECTION    NW (330)
  HIGHEST GUST SPEED    21   HIGHEST GUST DIRECTION    NW (310)
  AVERAGE WIND SPEED     6.8



WEATHER CONDITIONS
 THE FOLLOWING WEATHER WAS RECORDED TODAY.
  NO SIGNIFICANT WEATHER WAS OBSERVED.


RELATIVE HUMIDITY (PERCENT)
 HIGHEST    58           600 AM
 LOWEST     18           500 PM
 AVERAGE    38

..........................................................


THE BOISE ID CLIMATE NORMALS FOR TOMORROW
                         NORMAL    RECORD    YEAR
 MAXIMUM TEMPERATURE (F)   65        92      1898
 MINIMUM TEMPERATURE (F)   41        24      1985


SUNRISE AND SUNSET
APRIL 25 2018.........SUNRISE   646 AM MDT   SUNSET   840 PM MDT
APRIL 26 2018.........SUNRISE   645 AM MDT   SUNSET   841 PM MDT


-  INDICATES NEGATIVE NUMBERS.
R  INDICATES RECORD WAS SET OR TIED.
MM INDICATES DATA IS MISSING.
T  INDICATES TRACE AMOUNT.




$$
