000
CDUS45 KRIW 260102
CLIBPI


CLIMATE REPORT
NATIONAL WEATHER SERVICE RIVERTON WY
701 PM MDT WED APR 25 2018


...................................

...THE BIG PINEY WY CLIMATE SUMMARY FOR APRIL 25 2018...
VALID TODAY AS OF 0500 PM LOCAL TIME.

CLIMATE NORMAL PERIOD 1981 TO 2010
CLIMATE RECORD PERIOD 1976 TO 2018


WEATHER ITEM   OBSERVED TIME   RECORD YEAR NORMAL DEPARTURE LAST
                VALUE   (LST)  VALUE       VALUE  FROM      YEAR
                                                  NORMAL
..................................................................
TEMPERATURE (F)
 TODAY
  MAXIMUM         64        MM  71    2012  55      9       48
  MINIMUM         14R       MM  14    2000  24    -10       25
  AVERAGE         39

PRECIPITATION (IN)
  TODAY            0.00          0.26 1999   0.02  -0.02      T
  MONTH TO DATE    0.26                      0.41  -0.15     1.12
  SINCE MAR 1      0.53                      0.85  -0.32     2.57
  SINCE JAN 1      0.58                      1.51  -0.93     4.31

DEGREE DAYS
 HEATING
  TODAY           26                        25      1       28
  MONTH TO DATE  726                       713     13      700
  SINCE MAR 1   1851                      1885    -34     1811
  SINCE JUL 1   8348                      9408  -1060     9241

 COOLING
  TODAY            0                         0      0        0
  MONTH TO DATE    0                         0      0        0
  SINCE MAR 1      0                         0      0        0
  SINCE JAN 1      0                         0      0        0
..................................................................


WIND (MPH)
  HIGHEST WIND SPEED    18   HIGHEST WIND DIRECTION     W (270)
  HIGHEST GUST SPEED    24   HIGHEST GUST DIRECTION     W (270)
  AVERAGE WIND SPEED     6.2


SKY COVER
  POSSIBLE SUNSHINE  MM
  AVERAGE SKY COVER 0.0


WEATHER CONDITIONS
 THE FOLLOWING WEATHER WAS RECORDED TODAY.
  NO SIGNIFICANT WEATHER WAS OBSERVED.


RELATIVE HUMIDITY (PERCENT)
 HIGHEST    84           200 AM
 LOWEST      8           300 PM
 AVERAGE    46

..........................................................


THE BIG PINEY WY CLIMATE NORMALS FOR TOMORROW
                         NORMAL    RECORD    YEAR
 MAXIMUM TEMPERATURE (F)   56        71      2001
 MINIMUM TEMPERATURE (F)   24         9      1984


SUNRISE AND SUNSET
APRIL 25 2018.........SUNRISE   624 AM MDT   SUNSET   814 PM MDT
APRIL 26 2018.........SUNRISE   622 AM MDT   SUNSET   815 PM MDT


-  INDICATES NEGATIVE NUMBERS.
R  INDICATES RECORD WAS SET OR TIED.
MM INDICATES DATA IS MISSING.
T  INDICATES TRACE AMOUNT.




$$
