000
CDUS44 KBRO 220639
CLIBRO


CLIMATE REPORT
NATIONAL WEATHER SERVICE BROWNSVILLE TX
138 AM CDT SUN APR 22 2018


...................................

...THE BROWNSVILLE CLIMATE SUMMARY FOR APRIL 21 2018...

CLIMATE NORMAL PERIOD 1981 TO 2010
CLIMATE RECORD PERIOD 1878 TO 2018


WEATHER ITEM   OBSERVED TIME   RECORD YEAR NORMAL DEPARTURE LAST
                VALUE   (LST)  VALUE       VALUE  FROM      YEAR
                                                  NORMAL
..................................................................
TEMPERATURE (F)
 YESTERDAY
  MAXIMUM         86    406 PM  99    1921  84      2       89
  MINIMUM         73   1159 PM  50    1884  67      6       72
  AVERAGE         80                        76      4       81

PRECIPITATION (IN)
  YESTERDAY        T             3.51 1939   0.05  -0.05     0.00
  MONTH TO DATE    0.94                      1.10  -0.16     0.49
  SINCE MAR 1      1.43                      2.33  -0.90     2.33
  SINCE JAN 1      3.66                      4.68  -1.02     3.87

SNOWFALL (IN)
  YESTERDAY        0.0
  MONTH TO DATE    0.0
  SINCE MAR 1      0.0
  SINCE JUL 1      0.3
  SNOW DEPTH       0

DEGREE DAYS
 HEATING
  YESTERDAY        0                         0      0        0
  MONTH TO DATE    3                         6     -3        0
  SINCE MAR 1      3                        49    -46        2
  SINCE JUL 1    485                       552    -67      201

 COOLING
  YESTERDAY       15                        11      4       16
  MONTH TO DATE  213                       196     17      276
  SINCE MAR 1    520                       370    150      570
  SINCE JAN 1    785                       511    274      957
..................................................................


WIND (MPH)
  HIGHEST WIND SPEED    26   HIGHEST WIND DIRECTION    SE (150)
  HIGHEST GUST SPEED    32   HIGHEST GUST DIRECTION    SE (150)
  AVERAGE WIND SPEED    16.4


SKY COVER
  POSSIBLE SUNSHINE  MM
  AVERAGE SKY COVER 0.8


WEATHER CONDITIONS
 THE FOLLOWING WEATHER WAS RECORDED YESTERDAY.
  LIGHT RAIN


RELATIVE HUMIDITY (PERCENT)
 HIGHEST    94          1100 PM
 LOWEST     65           400 PM
 AVERAGE    80

..........................................................


THE BROWNSVILLE CLIMATE NORMALS FOR TODAY
                         NORMAL    RECORD    YEAR
 MAXIMUM TEMPERATURE (F)   85        98      1983
 MINIMUM TEMPERATURE (F)   67        47      1884


SUNRISE AND SUNSET
APRIL 22 2018.........SUNRISE   700 AM CDT   SUNSET   757 PM CDT
APRIL 23 2018.........SUNRISE   659 AM CDT   SUNSET   757 PM CDT


-  INDICATES NEGATIVE NUMBERS.
R  INDICATES RECORD WAS SET OR TIED.
MM INDICATES DATA IS MISSING.
T  INDICATES TRACE AMOUNT.

$$
