000
CDAK49 PAFG 260944
CLIBRW

CLIMATE REPORT
NATIONAL WEATHER SERVICE FAIRBANKS AK
144 AM AKDT SAT MAY 26 2018


...................................

...THE BARROW AK CLIMATE SUMMARY FOR MAY 25 2018...

CLIMATE NORMAL PERIOD 1981 TO 2010
CLIMATE RECORD PERIOD 1920 TO 2018


WEATHER ITEM   OBSERVED TIME   RECORD YEAR NORMAL DEPARTURE LAST
                VALUE   (LST)  VALUE       VALUE  FROM      YEAR
                                                  NORMAL
..................................................................
TEMPERATURE (F)
 YESTERDAY
  MAXIMUM         MM        MM  44    1938  30     MM       32
  MINIMUM         MM        MM   9    2001  22     MM       29
                                      1997
                                      1921
  AVERAGE         MM                        26     MM       31

PRECIPITATION (IN)
  YESTERDAY        0.01          0.45 2017   0.00   0.01     0.45
  MONTH TO DATE    0.10                      0.13  -0.03     0.64
  SINCE MAR 1      0.70                      0.38   0.32     0.94
  SINCE JAN 1      1.10                      0.65   0.45     1.81

SNOWFALL (IN)
  YESTERDAY        T             4.2  2017   0.1   -0.1      4.2
  MONTH TO DATE    1.0                       2.3   -1.3      7.4
  SINCE MAR 1      7.7                       7.6    0.1     10.4
  SINCE JUL 1     34.9                      36.6   -1.7     37.3
  SNOW DEPTH       6

DEGREE DAYS
 HEATING
  YESTERDAY       MM                        39     MM       34
  MONTH TO DATE 1059                      1138    -79     1042
  SINCE MAR 1   4843                      5441   -598     5021
  SINCE JUL 1  15446                     18298  -2852    15983

 COOLING
  YESTERDAY       MM                         0     MM        0
  MONTH TO DATE    0                         0      0        0
  SINCE MAR 1      0                         0      0        0
  SINCE JAN 1      0                         0      0        0
..................................................................


WIND (MPH)
  HIGHEST GUST SPEED    MM   HIGHEST GUST DIRECTION    MM


SKY COVER
  AVERAGE SKY COVER 0.7


WEATHER CONDITIONS
 THE FOLLOWING WEATHER WAS RECORDED YESTERDAY.
  SNOW
  LIGHT SNOW
  FOG


RELATIVE HUMIDITY (PERCENT)
 HIGHEST   100
 LOWEST     78
 AVERAGE    89

..........................................................


THE BARROW AK CLIMATE NORMALS FOR TODAY
                         NORMAL    RECORD    YEAR
 MAXIMUM TEMPERATURE (F)   31        41      1990
 MINIMUM TEMPERATURE (F)   23         5      2001


SUNRISE AND SUNSET
MAY 26 2018...........SUN ABOVE VISIBLE HORIZON.
MAY 27 2018...........SUN ABOVE VISIBLE HORIZON.

-  INDICATES NEGATIVE NUMBERS.
R  INDICATES RECORD WAS SET OR TIED.
MM INDICATES DATA IS MISSING.
T  INDICATES TRACE AMOUNT.

&&

SNOW DEPTH IS MEASURED AT 3AM AKST/4AM AKDT.

----------------------------
AVAILABLE DAYLIGHT

AMOUNT OF DAYLIGHT TODAY  (HOUR:MIN)........24:00
GAIN/LOSS SINCE YESTERDAY (HOUR:MIN:SEC)....+0:00:00

$$
HFL MAY 18
