000
CDUS45 KPIH 220736
CLIBYI


CLIMATE REPORT
NATIONAL WEATHER SERVICE POCATELLO ID
136 AM MDT SUN APR 22 2018


...................................

...THE BURLEY ID CLIMATE SUMMARY FOR APRIL 21 2018...

CLIMATE NORMAL PERIOD 1981 TO 2010
CLIMATE RECORD PERIOD 1948 TO 2018


WEATHER ITEM   OBSERVED TIME   RECORD YEAR NORMAL DEPARTURE LAST
                VALUE   (LST)  VALUE       VALUE  FROM      YEAR
                                                  NORMAL
..................................................................
TEMPERATURE (F)
 YESTERDAY
  MAXIMUM         70    246 PM  88    1994  60     10       55
  MINIMUM         39    544 AM  16    1982  35      4       34
  AVERAGE         55                        47      8       45

PRECIPITATION (IN)
  YESTERDAY        0.00          0.40 1991   0.04  -0.04     0.00
  MONTH TO DATE    0.53                      0.69  -0.16     1.28
  SINCE OCT 1      5.48                      6.23  -0.75    10.60
  SINCE JAN 1      3.86                      3.40   0.46     5.81

SNOWFALL (IN)
  YESTERDAY       MM
  MONTH TO DATE   MM
  SINCE MAR 1     MM
  SINCE JUL 1     MM
  SNOW DEPTH      MM

DEGREE DAYS
 HEATING
  YESTERDAY       10                        18     -8       20
  MONTH TO DATE  365                       420    -55      400
  SINCE MAR 1   1161                      1217    -56      980
  SINCE JUL 1   5512                      6239   -727     5786

 COOLING
  YESTERDAY        0                         0      0        0
  MONTH TO DATE    0                         0      0        0
  SINCE MAR 1      0                         0      0        0
  SINCE JAN 1      0                         0      0        0
..................................................................


WIND (MPH)
  HIGHEST WIND SPEED    22   HIGHEST WIND DIRECTION     W (280)
  HIGHEST GUST SPEED    31   HIGHEST GUST DIRECTION     W (270)
  AVERAGE WIND SPEED    12.4


SKY COVER
  POSSIBLE SUNSHINE  MM
  AVERAGE SKY COVER 0.0


WEATHER CONDITIONS
 THE FOLLOWING WEATHER WAS RECORDED YESTERDAY.
  NO SIGNIFICANT WEATHER WAS OBSERVED.


RELATIVE HUMIDITY (PERCENT)
 HIGHEST    60          1100 PM
 LOWEST     22           100 PM
 AVERAGE    41

..........................................................


THE BURLEY ID CLIMATE NORMALS FOR TODAY
                         NORMAL    RECORD    YEAR
 MAXIMUM TEMPERATURE (F)   60        86      2012
 MINIMUM TEMPERATURE (F)   35        19      2008
                                             1968


SUNRISE AND SUNSET
APRIL 22 2018.........SUNRISE   643 AM MDT   SUNSET   825 PM MDT
APRIL 23 2018.........SUNRISE   641 AM MDT   SUNSET   826 PM MDT


-  INDICATES NEGATIVE NUMBERS.
R  INDICATES RECORD WAS SET OR TIED.
MM INDICATES DATA IS MISSING.
T  INDICATES TRACE AMOUNT.




$$
