000
CDUS45 KABQ 250846
CLICAO


CLIMATE REPORT
NATIONAL WEATHER SERVICE ALBUQUERQUE NM
246 AM MDT FRI MAY 25 2018


...................................

...THE CLAYTON  NM CLIMATE SUMMARY FOR MAY 24 2018...

CLIMATE NORMAL PERIOD 1981 TO 2010
CLIMATE RECORD PERIOD 1896 TO 2018


WEATHER ITEM   OBSERVED TIME   RECORD YEAR NORMAL DEPARTURE
                VALUE   (LST)  VALUE       VALUE  FROM
                                                  NORMAL
...............................................................
TEMPERATURE (F)
 YESTERDAY
  MAXIMUM         85    237 PM  95    1984  78      7
  MINIMUM         53    512 AM  37    1924  50      3
  AVERAGE         69                        64      5

PRECIPITATION (IN)
  YESTERDAY        0.00          1.48 1956   0.07  -0.07
  MONTH TO DATE    1.43                      1.38   0.05
  SINCE MAR 1      2.51                      3.27  -0.76
  SINCE JAN 1      2.54                      3.89  -1.35

SNOWFALL (IN)
  YESTERDAY        0.0
  MONTH TO DATE    0.0
  SINCE MAR 1      T
  SINCE JUL 1      0.8

DEGREE DAYS
 HEATING
  YESTERDAY        0                         3     -3
  MONTH TO DATE   48                       136    -88
  SINCE MAR 1   1064                      1165   -101
  SINCE JUL 1   4444                      4842   -398

 COOLING
  YESTERDAY        4                         2      2
  MONTH TO DATE   69                        29     40
  SINCE MAR 1     77                        35     42
  SINCE JAN 1     77                        35     42
...............................................................


WIND (MPH)
  HIGHEST WIND SPEED    24   HIGHEST WIND DIRECTION     S (200)
  HIGHEST GUST SPEED    30   HIGHEST GUST DIRECTION     S (190)
  AVERAGE WIND SPEED    14.3


SKY COVER
  AVERAGE SKY COVER 0.0


WEATHER CONDITIONS
 THE FOLLOWING WEATHER WAS RECORDED YESTERDAY.
  NO SIGNIFICANT WEATHER WAS OBSERVED.


RELATIVE HUMIDITY (PERCENT)
 HIGHEST    89           300 AM
 LOWEST     19           300 PM
 AVERAGE    54

..........................................................


THE CLAYTON  NM CLIMATE NORMALS FOR TODAY
                         NORMAL    RECORD    YEAR
 MAXIMUM TEMPERATURE (F)   78        96      2006
 MINIMUM TEMPERATURE (F)   50        28      1924


SUNRISE AND SUNSET
MAY 25 2018...........SUNRISE   539 AM MDT   SUNSET   800 PM MDT
MAY 26 2018...........SUNRISE   539 AM MDT   SUNSET   801 PM MDT


-  INDICATES NEGATIVE NUMBERS.
R  INDICATES RECORD WAS SET OR TIED.
MM INDICATES DATA IS MISSING.
T  INDICATES TRACE AMOUNT.




$$
