000
CDUS41 KCAR 212026
CLICAR


CLIMATE REPORT
NATIONAL WEATHER SERVICE CARIBOU, ME
426 PM EDT SAT APR 21 2018


...................................

...THE CARIBOU ME CLIMATE SUMMARY FOR APRIL 21 2018...
VALID TODAY AS OF 0400 PM LOCAL TIME.

CLIMATE NORMAL PERIOD 1981 TO 2010
CLIMATE RECORD PERIOD 1939 TO 2018


WEATHER ITEM   OBSERVED TIME   RECORD YEAR NORMAL DEPARTURE LAST
                VALUE   (LST)  VALUE       VALUE  FROM      YEAR
                                                  NORMAL
..................................................................
TEMPERATURE (F)
 TODAY
  MAXIMUM         44    256 PM  82    1987  51     -7       44
  MINIMUM         31    508 AM   8    1947  32     -1       31
  AVERAGE         38                        41     -3       38

PRECIPITATION (IN)
  TODAY            0.00          1.03 1950   0.08  -0.08     0.37
  MONTH TO DATE    2.37                      1.86   0.51     2.89
  SINCE MAR 1      5.07                      4.37   0.70     5.61
  SINCE JAN 1     12.57                      9.29   3.28    11.23

SNOWFALL (IN)
  TODAY            0.0           4.1  2017   0.2   -0.2      4.1
  MONTH TO DATE    8.8                       6.5    2.3      8.3
  SINCE MAR 1     34.9                      24.8   10.1     31.9
  SINCE JUL 1    137.2                     107.3   29.9    128.5
  SNOW DEPTH       6

DEGREE DAYS
 HEATING
  TODAY           27                        24      3       27
  MONTH TO DATE  709                       604    105      535
  SINCE MAR 1   1826                      1858    -32     1918
  SINCE JUL 1   8029                      8579   -550     7899

 COOLING
  TODAY            0                         0      0        0
  MONTH TO DATE    0                         0      0        0
  SINCE MAR 1      0                         0      0        0
  SINCE JAN 1      0                         0      0        0
..................................................................


WIND (MPH)
  HIGHEST WIND SPEED    23   HIGHEST WIND DIRECTION     N (340)
  HIGHEST GUST SPEED    31   HIGHEST GUST DIRECTION    NW (320)
  AVERAGE WIND SPEED    11.7


SKY COVER
  POSSIBLE SUNSHINE  MM
  AVERAGE SKY COVER 0.1


WEATHER CONDITIONS
 THE FOLLOWING WEATHER WAS RECORDED TODAY.
  NO SIGNIFICANT WEATHER WAS OBSERVED.


RELATIVE HUMIDITY (PERCENT)
 HIGHEST    82           200 AM
 LOWEST     33           200 PM
 AVERAGE    58

..........................................................


THE CARIBOU ME CLIMATE NORMALS FOR TOMORROW
                         NORMAL    RECORD    YEAR
 MAXIMUM TEMPERATURE (F)   51        70      2016
 MINIMUM TEMPERATURE (F)   33        18      1947


SUNRISE AND SUNSET
APRIL 21 2018.........SUNRISE   534 AM EDT   SUNSET   729 PM EDT
APRIL 22 2018.........SUNRISE   532 AM EDT   SUNSET   730 PM EDT


-  INDICATES NEGATIVE NUMBERS.
R  INDICATES RECORD WAS SET OR TIED.
MM INDICATES DATA IS MISSING.
T  INDICATES TRACE AMOUNT.




$$
