000
CDUS42 KCHS 250617
CLICHS


CLIMATE REPORT
NATIONAL WEATHER SERVICE CHARLESTON SC
216 AM EDT WED APR 25 2018


...................................

...THE NORTH CHARLESTON SC CLIMATE SUMMARY FOR APRIL 24 2018...

CLIMATE NORMAL PERIOD 1981 TO 2010
CLIMATE RECORD PERIOD 1938 TO 2018


WEATHER ITEM   OBSERVED TIME   RECORD YEAR NORMAL DEPARTURE LAST
                VALUE   (LST)  VALUE       VALUE  FROM      YEAR
                                                  NORMAL
..................................................................
TEMPERATURE (F)
 YESTERDAY
  MAXIMUM         79    151 PM  91    1958  78      1       79
  MINIMUM         64    933 PM  35    1982  55      9       59
  AVERAGE         72                        67      5       69

PRECIPITATION (IN)
  YESTERDAY        T             1.82 2017   0.10  -0.10     1.82
  MONTH TO DATE    4.04                      2.35   1.69     6.22
  SINCE MAR 1      6.27                      6.06   0.21     7.24
  SINCE JAN 1     10.44                     12.73  -2.29    11.42

SNOWFALL (IN)
  YESTERDAY        0.0                       0.0    0.0
  SINCE MAR 1      0.0                       0.0    0.0
  SINCE JUL 1      5.3                       0.5    4.8

DEGREE DAYS
 HEATING
  YESTERDAY        0                         2     -2        0
  MONTH TO DATE   97                        80     17       23
  SINCE MAR 1    371                       319     52      257
  SINCE JUL 1   1819                      1955   -136     1225

 COOLING
  YESTERDAY        7                         4      3        4
  MONTH TO DATE   56                        60     -4      119
  SINCE MAR 1     78                        87     -9      178
  SINCE JAN 1    140                        94     46      213
..................................................................


WIND (MPH)
  HIGHEST WIND SPEED    18   HIGHEST WIND DIRECTION     S (190)
  HIGHEST GUST SPEED    22   HIGHEST GUST DIRECTION    SW (210)
  AVERAGE WIND SPEED     9.2


SKY COVER
  POSSIBLE SUNSHINE  MM
  AVERAGE SKY COVER 0.4


WEATHER CONDITIONS
 THE FOLLOWING WEATHER WAS RECORDED YESTERDAY.
  LIGHT RAIN
  FOG


RELATIVE HUMIDITY (PERCENT)
 HIGHEST   100           400 AM
 LOWEST     54          1100 AM
 AVERAGE    77

..........................................................


THE NORTH CHARLESTON SC CLIMATE NORMALS FOR TODAY
                         NORMAL    RECORD    YEAR
 MAXIMUM TEMPERATURE (F)   79        92      1958
 MINIMUM TEMPERATURE (F)   56        37      1974


SUNRISE AND SUNSET
APRIL 25 2018.........SUNRISE   639 AM EDT   SUNSET   758 PM EDT
APRIL 26 2018.........SUNRISE   638 AM EDT   SUNSET   758 PM EDT


-  INDICATES NEGATIVE NUMBERS.
R  INDICATES RECORD WAS SET OR TIED.
MM INDICATES DATA IS MISSING.
T  INDICATES TRACE AMOUNT.


$$
