000
CDUS43 KDVN 232127
CLICID


CLIMATE REPORT
NATIONAL WEATHER SERVICE QUAD CITIES IA IL
426 PM CDT MON APR 23 2018


...................................

...THE CEDAR RAPIDS IA CLIMATE SUMMARY FOR APRIL 23 2018...
VALID TODAY AS OF 0400 PM LOCAL TIME.

CLIMATE NORMAL PERIOD 1981 TO 2010
CLIMATE RECORD PERIOD 1891 TO 2018


WEATHER ITEM   OBSERVED TIME   RECORD YEAR NORMAL DEPARTURE LAST
                VALUE   (LST)  VALUE       VALUE  FROM      YEAR
                                                  NORMAL
..................................................................
TEMPERATURE (F)
 TODAY
  MAXIMUM         72    233 PM  90    1925  64      8       71
  MINIMUM         44   1208 AM  20    1927  41      3       35
  AVERAGE         58                        52      6       53

PRECIPITATION (IN)
  TODAY            0.00         MM      MM   0.10  -0.10     0.00
  MONTH TO DATE    0.43                      2.22  -1.79     2.50
  SINCE MAR 1      2.33                      4.32  -1.99     4.75
  SINCE JAN 1      4.36                      6.46  -2.10     6.92

DEGREE DAYS
 HEATING
  TODAY            7                        13     -6       12
  MONTH TO DATE  626                       399    227      262
  SINCE MAR 1   1539                      1280    259     1118
  SINCE JUL 1   6594                      6563     31     5394

 COOLING
  TODAY            0                         0      0        0
  MONTH TO DATE    0                         0      0        9
  SINCE MAR 1      0                         0      0        9
  SINCE JAN 1      0                         0      0        9
..................................................................


WIND (MPH)
  HIGHEST WIND SPEED    21   HIGHEST WIND DIRECTION     E (70)
  HIGHEST GUST SPEED    26   HIGHEST GUST DIRECTION    NE (40)
  AVERAGE WIND SPEED    12.3


SKY COVER
  POSSIBLE SUNSHINE  MM
  AVERAGE SKY COVER 0.0


WEATHER CONDITIONS
 THE FOLLOWING WEATHER WAS RECORDED TODAY.
  NO SIGNIFICANT WEATHER WAS OBSERVED.


RELATIVE HUMIDITY (PERCENT)
 HIGHEST    53          1200 AM
 LOWEST     17          1100 AM
 AVERAGE    35

..........................................................


THE CEDAR RAPIDS IA CLIMATE NORMALS FOR TOMORROW
                         NORMAL    RECORD    YEAR
 MAXIMUM TEMPERATURE (F)   64        87      2009
                                             1990
 MINIMUM TEMPERATURE (F)   41        24      1910


SUNRISE AND SUNSET
APRIL 23 2018.........SUNRISE   614 AM CDT   SUNSET   757 PM CDT
APRIL 24 2018.........SUNRISE   613 AM CDT   SUNSET   758 PM CDT


-  INDICATES NEGATIVE NUMBERS.
R  INDICATES RECORD WAS SET OR TIED.
MM INDICATES DATA IS MISSING.
T  INDICATES TRACE AMOUNT.




$$
