000
CDUS44 KHGX 190732
CLICLL


CLIMATE REPORT
NATIONAL WEATHER SERVICE HOUSTON/GALVESTON TX
232 AM CDT THU APR 19 2018


...................................

...THE COLLEGE STATION CLIMATE SUMMARY FOR APRIL 18 2018...

CLIMATE NORMAL PERIOD 1981 TO 2010
CLIMATE RECORD PERIOD 1902 TO 2018


WEATHER ITEM   OBSERVED TIME   RECORD YEAR NORMAL DEPARTURE LAST
                VALUE   (LST)  VALUE       VALUE  FROM      YEAR
                                                  NORMAL
..................................................................
TEMPERATURE (F)
 YESTERDAY
  MAXIMUM         83    310 PM  94    2006  79      4       77
  MINIMUM         64   1151 PM  39    1887  59      5       65
  AVERAGE         74                        69      5       71

PRECIPITATION (IN)
  YESTERDAY        0.00          1.62 1922   0.10  -0.10     0.06
  MONTH TO DATE    0.65                      1.45  -0.80     2.73
  SINCE MAR 1      6.81                      4.62   2.19     4.49
  SINCE JAN 1      9.73                     10.71  -0.98    11.49

SNOWFALL (IN)
  YESTERDAY        0.0
  MONTH TO DATE    0.0
  SINCE JUL 1      5.0

DEGREE DAYS
 HEATING
  YESTERDAY        0                         1     -1        0
  MONTH TO DATE   59                        38     21        7
  SINCE MAR 1    139                       210    -71       73
  SINCE JUL 1   1506                      1597    -91      842

 COOLING
  YESTERDAY        9                         5      4        6
  MONTH TO DATE   57                        75    -18       97
  SINCE MAR 1    159                       134     25      238
  SINCE JAN 1    205                       162     43      369
..................................................................


WIND (MPH)
  HIGHEST WIND SPEED    20   HIGHEST WIND DIRECTION     S (170)
  HIGHEST GUST SPEED    24   HIGHEST GUST DIRECTION     S (180)
  AVERAGE WIND SPEED    10.4


SKY COVER
  AVERAGE SKY COVER 0.6


WEATHER CONDITIONS
 THE FOLLOWING WEATHER WAS RECORDED YESTERDAY.
  NO SIGNIFICANT WEATHER WAS OBSERVED.


RELATIVE HUMIDITY (PERCENT)
 HIGHEST    93           700 AM
 LOWEST     37          1000 PM
 AVERAGE    65

..........................................................


THE COLLEGE STATION CLIMATE NORMALS FOR TODAY
                         NORMAL    RECORD    YEAR
 MAXIMUM TEMPERATURE (F)   80        96      2011
 MINIMUM TEMPERATURE (F)   59        39      1953


SUNRISE AND SUNSET
APRIL 19 2018.........SUNRISE   654 AM CDT   SUNSET   756 PM CDT
APRIL 20 2018.........SUNRISE   653 AM CDT   SUNSET   757 PM CDT


-  INDICATES NEGATIVE NUMBERS.
R  INDICATES RECORD WAS SET OR TIED.
MM INDICATES DATA IS MISSING.
T  INDICATES TRACE AMOUNT.




$$
