000
CDUS42 KGSP 260636 RRB
CLICLT

CLIMATE REPORT
NATIONAL WEATHER SERVICE GREENVILLE-SPARTANBURG SC
234 AM EDT THU APR 26 2018


...................................

...THE CHARLOTTE NC CLIMATE SUMMARY FOR APRIL 25 2018...

CLIMATE NORMAL PERIOD 1981 TO 2010
CLIMATE RECORD PERIOD 1878 TO 2018


WEATHER ITEM   OBSERVED TIME   RECORD YEAR NORMAL DEPARTURE LAST
                VALUE   (LST)  VALUE       VALUE  FROM      YEAR
                                                  NORMAL
..................................................................
TEMPERATURE (F)
 YESTERDAY
  MAXIMUM         73    518 PM  93    1925  74     -1       71
  MINIMUM         57   1052 PM  31    2005  49      8       54
  AVERAGE         65                        62      3       63

PRECIPITATION (IN)
  YESTERDAY        0.21          1.78 1978   0.10   0.11     0.02
  MONTH TO DATE    4.75                      2.56   2.19     5.54
  SINCE MAR 1      8.96                      6.57   2.39     8.25
  SINCE JAN 1     14.56                     13.30   1.26    15.16

SNOWFALL (IN)
  YESTERDAY        0.0           0.0    MM   0.0    0.0      0.0
  MONTH TO DATE    T                         0.1   -0.1      0.0
  SINCE MAR 1      0.2                       0.7   -0.5      1.1
  SINCE JUL 1      4.2                       4.4   -0.2      2.2
  SNOW DEPTH       0

DEGREE DAYS
 HEATING
  YESTERDAY        0                         5     -5        2
  MONTH TO DATE  173                       179     -6       85
  SINCE MAR 1    659                       612     47      468
  SINCE JUL 1   2951                      3311   -360     2366

 COOLING
  YESTERDAY        0                         2     -2        0
  MONTH TO DATE   14                        26    -12       64
  SINCE MAR 1     16                        31    -15       82
  SINCE JAN 1     47                        31     16       87
..................................................................


WIND (MPH)
  HIGHEST WIND SPEED    14   HIGHEST WIND DIRECTION     N (340)
  HIGHEST GUST SPEED    20   HIGHEST GUST DIRECTION    NW (300)
  AVERAGE WIND SPEED     5.9


SKY COVER
  POSSIBLE SUNSHINE  MM
  AVERAGE SKY COVER 0.7


WEATHER CONDITIONS
 THE FOLLOWING WEATHER WAS RECORDED YESTERDAY.
  HEAVY RAIN
  RAIN
  LIGHT RAIN
  FOG


RELATIVE HUMIDITY (PERCENT)
 HIGHEST   100           300 AM
 LOWEST     49           600 PM
 AVERAGE    75

..........................................................


THE CHARLOTTE NC CLIMATE NORMALS FOR TODAY
                         NORMAL    RECORD    YEAR
 MAXIMUM TEMPERATURE (F)   75        92      1915
 MINIMUM TEMPERATURE (F)   50        34      1910


SUNRISE AND SUNSET
APRIL 26 2018.........SUNRISE   638 AM EDT   SUNSET   806 PM EDT
APRIL 27 2018.........SUNRISE   637 AM EDT   SUNSET   806 PM EDT


-  INDICATES NEGATIVE NUMBERS.
R  INDICATES RECORD WAS SET OR TIED.
MM INDICATES DATA IS MISSING.
T  INDICATES TRACE AMOUNT.

$$
