000
CDUS46 KLOX 220904
CLICMA


CLIMATE REPORT
NATIONAL WEATHER SERVICE LOS ANGELES/OXNARD CA
204 AM PDT TUE MAY 22 2018


...................................

...THE CAMARILLO AIRPORT CA CLIMATE SUMMARY FOR MAY 21 2018...

CLIMATE NORMAL PERIOD 1981 TO 2010
CLIMATE RECORD PERIOD 1923 TO 2018


WEATHER ITEM   OBSERVED TIME   RECORD YEAR NORMAL DEPARTURE LAST
                VALUE   (LST)  VALUE       VALUE  FROM      YEAR
                                                  NORMAL
..................................................................
TEMPERATURE (F)
 YESTERDAY
  MAXIMUM         66    142 PM  85    2005  71     -5       81
  MINIMUM         55    539 AM  37    1933  53      2       56
  AVERAGE         61                        62     -1       69

PRECIPITATION (IN)
  YESTERDAY        0.00          0.89 2006   0.00   0.00     0.00
  MONTH TO DATE    T                         0.29  -0.29     0.08
  SINCE OCT 1      5.94                     14.91  -8.97    19.44
  SINCE JAN 1      5.87                     10.91  -5.04    14.78

SNOWFALL (IN)
  YESTERDAY        0.0
  MONTH TO DATE    0.0
  SINCE MAR 1      0.0
  SINCE JUL 1      0.0

DEGREE DAYS
 HEATING
  YESTERDAY        4                         4      0        0
  MONTH TO DATE  112                        94     18       66
  SINCE MAR 1    476                       578   -102      325
  SINCE JUL 1   1151                      1914   -763     1313

 COOLING
  YESTERDAY        0                         0      0        4
  MONTH TO DATE    0                         0      0       19
  SINCE MAR 1     10                        11     -1       39
  SINCE JAN 1     52                        20     32       40
..................................................................


WIND (MPH)
  HIGHEST WIND SPEED    15   HIGHEST WIND DIRECTION     W (260)
  HIGHEST GUST SPEED    23   HIGHEST GUST DIRECTION    SE (150)
  AVERAGE WIND SPEED     6.0


SKY COVER
  POSSIBLE SUNSHINE  MM
  AVERAGE SKY COVER 0.8


WEATHER CONDITIONS
 THE FOLLOWING WEATHER WAS RECORDED YESTERDAY.
  NO SIGNIFICANT WEATHER WAS OBSERVED.


RELATIVE HUMIDITY (PERCENT)
 HIGHEST    83           400 AM
 LOWEST     52           100 PM
 AVERAGE    68

..........................................................


THE CAMARILLO AIRPORT CA CLIMATE NORMALS FOR TODAY
                         NORMAL    RECORD    YEAR
 MAXIMUM TEMPERATURE (F)   71        92      1930
 MINIMUM TEMPERATURE (F)   53        36      1933


SUNRISE AND SUNSET
MAY 22 2018...........SUNRISE   550 AM PDT   SUNSET   757 PM PDT
MAY 23 2018...........SUNRISE   549 AM PDT   SUNSET   757 PM PDT


-  INDICATES NEGATIVE NUMBERS.
R  INDICATES RECORD WAS SET OR TIED.
MM INDICATES DATA IS MISSING.
T  INDICATES TRACE AMOUNT.




$$
