611
CDUS45 KPUB 191041
CLICOS


CLIMATE REPORT
NATIONAL WEATHER SERVICE PUEBLO
441 AM MDT THU APR 19 2018


...................................

...THE COLORADO SPRINGS CO CLIMATE SUMMARY FOR APRIL 18 2018...

CLIMATE NORMAL PERIOD 1981 TO 2010
CLIMATE RECORD PERIOD 1872 TO 2018


WEATHER ITEM   OBSERVED TIME   RECORD YEAR NORMAL DEPARTURE LAST
                VALUE   (LST)  VALUE       VALUE  FROM      YEAR
                                                  NORMAL
..................................................................
TEMPERATURE (F)
 YESTERDAY
  MAXIMUM         56    350 PM  80    1987  60     -4       72
  MINIMUM         29    445 AM  14    1922  34     -5       47
  AVERAGE         43                        47     -4       60

PRECIPITATION (IN)
  YESTERDAY        0.00          1.96 1942   0.05  -0.05     0.00
  MONTH TO DATE    0.20                      0.73  -0.53     0.97
  SINCE MAR 1      0.80                      1.73  -0.93     1.41
  SINCE JAN 1      1.36                      2.39  -1.03     1.80

SNOWFALL (IN)
  YESTERDAY        0.0           7.0  1912   0.1   -0.1      0.0
  MONTH TO DATE    0.7                       3.2   -2.5      8.9
  SINCE MAR 1      3.8                      11.3   -7.5     10.9
  SINCE JUL 1     17.0                      35.3  -18.3     24.3
  SNOW DEPTH       0

DEGREE DAYS
 HEATING
  YESTERDAY       22                        18      4        5
  MONTH TO DATE  354                       363     -9      261
  SINCE MAR 1   1037                      1168   -131      821
  SINCE JUL 1   5021                      5731   -710     4574

 COOLING
  YESTERDAY        0                         0      0        0
  MONTH TO DATE    0                         0      0        0
  SINCE MAR 1      0                         0      0        0
  SINCE JAN 1      0                         0      0        0
..................................................................


WIND (MPH)
  HIGHEST WIND SPEED    20   HIGHEST WIND DIRECTION     S (170)
  HIGHEST GUST SPEED    28   HIGHEST GUST DIRECTION     N (340)
  AVERAGE WIND SPEED     7.9


SKY COVER
  POSSIBLE SUNSHINE  MM
  AVERAGE SKY COVER 0.2


WEATHER CONDITIONS
 THE FOLLOWING WEATHER WAS RECORDED YESTERDAY.
  NO SIGNIFICANT WEATHER WAS OBSERVED.


RELATIVE HUMIDITY (PERCENT)
 HIGHEST    39           500 AM
 LOWEST     10           400 PM
 AVERAGE    25

..........................................................


THE COLORADO SPRINGS CO CLIMATE NORMALS FOR TODAY
                         NORMAL    RECORD    YEAR
 MAXIMUM TEMPERATURE (F)   61        79      1962
 MINIMUM TEMPERATURE (F)   34        16      1966


SUNRISE AND SUNSET
APRIL 19 2018.........SUNRISE   617 AM MDT   SUNSET   740 PM MDT
APRIL 20 2018.........SUNRISE   615 AM MDT   SUNSET   741 PM MDT


-  INDICATES NEGATIVE NUMBERS.
R  INDICATES RECORD WAS SET OR TIED.
MM INDICATES DATA IS MISSING.
T  INDICATES TRACE AMOUNT.




$$
