000
CDUS42 KILM 202041
CLICRE


CLIMATE REPORT
NATIONAL WEATHER SERVICE WILMINGTON NC
441 PM EDT SUN MAY 20 2018


...................................

...THE N.MYRTLE BEACH SOUTH CAROLINA CLIMATE SUMMARY FOR MAY 20 2018...
VALID TODAY AS OF 0400 PM LOCAL TIME.

CLIMATE NORMAL PERIOD 1981 TO 2010
CLIMATE RECORD PERIOD 1949 TO 2018


WEATHER ITEM   OBSERVED TIME   RECORD YEAR NORMAL DEPARTURE LAST
                VALUE   (LST)  VALUE       VALUE  FROM      YEAR
                                                  NORMAL
..................................................................
TEMPERATURE (F)
 TODAY
  MAXIMUM         78    248 PM  93    1949  80     -2       84
  MINIMUM         70    338 AM  46    2002  62      8       67
  AVERAGE         74                        71      3       76

PRECIPITATION (IN)
  TODAY            0.17          1.48 2011   0.10   0.07     0.00
  MONTH TO DATE    2.68                      2.05   0.63     1.16
  SINCE MAR 1      9.75                      8.93   0.82     6.54
  SINCE JAN 1     15.46                     16.04  -0.58    10.07

DEGREE DAYS
 HEATING
  TODAY            0                         0      0        0
  MONTH TO DATE    4                        23    -19       10
  SINCE MAR 1    574                       502     72      402
  SINCE JUL 1   2338                      2446   -108     1806

 COOLING
  TODAY            9                         6      3       11
  MONTH TO DATE  137                        88     49      129
  SINCE MAR 1    161                       130     31      244
  SINCE JAN 1    181                       130     51      245
..................................................................


WIND (MPH)
  RESULTANT WIND SPEED  11   RESULTANT WIND DIRECTION   S (200)
  HIGHEST WIND SPEED    20   HIGHEST WIND DIRECTION    SW (220)
  HIGHEST GUST SPEED    26   HIGHEST GUST DIRECTION    SW (210)
  AVERAGE WIND SPEED    11.1


SKY COVER
  POSSIBLE SUNSHINE  MM
  AVERAGE SKY COVER 0.8


WEATHER CONDITIONS
 THE FOLLOWING WEATHER WAS RECORDED TODAY.
  LIGHT RAIN
  FOG


RELATIVE HUMIDITY (PERCENT)
 HIGHEST   100           700 AM
 LOWEST     74           200 PM
 AVERAGE    87

..........................................................


THE N.MYRTLE BEACH SOUTH CAROLINA CLIMATE NORMALS FOR TOMORROW
                         NORMAL    RECORD    YEAR
 MAXIMUM TEMPERATURE (F)   80        91      1998
 MINIMUM TEMPERATURE (F)   62        43      2002


SUNRISE AND SUNSET
MAY 20 2018...........SUNRISE   611 AM EDT   SUNSET   813 PM EDT
MAY 21 2018...........SUNRISE   610 AM EDT   SUNSET   813 PM EDT


-  INDICATES NEGATIVE NUMBERS.
R  INDICATES RECORD WAS SET OR TIED.
MM INDICATES DATA IS MISSING.
T  INDICATES TRACE AMOUNT.




$$
